Last updated on 2023-09-26 23:04:17 CEST.
Flavor | Version | Tinstall | Tcheck | Ttotal | Status | Flags |
---|---|---|---|---|---|---|
r-devel-linux-x86_64-debian-clang | 1.5.13 | 14.11 | 183.26 | 197.37 | OK | |
r-devel-linux-x86_64-debian-gcc | 1.5.13 | 11.04 | 133.91 | 144.95 | OK | |
r-devel-linux-x86_64-fedora-clang | 1.5.13 | 231.82 | NOTE | |||
r-devel-linux-x86_64-fedora-gcc | 1.5.13 | 240.45 | NOTE | |||
r-devel-windows-x86_64 | 1.5.13 | 12.00 | 142.00 | 154.00 | OK | |
r-patched-linux-x86_64 | 1.5.13 | 10.52 | 170.95 | 181.47 | OK | |
r-release-linux-x86_64 | 1.5.13 | 9.11 | 175.91 | 185.02 | OK | |
r-release-macos-arm64 | 1.5.13 | 77.00 | OK | |||
r-release-macos-x86_64 | 1.5.13 | 144.00 | OK | |||
r-release-windows-x86_64 | 1.5.13 | 17.00 | 186.00 | 203.00 | OK | |
r-oldrel-macos-arm64 | 1.5.13 | 62.00 | NOTE | |||
r-oldrel-macos-x86_64 | 1.5.13 | 101.00 | NOTE | |||
r-oldrel-windows-x86_64 | 1.5.13 | 17.00 | 177.00 | 194.00 | OK |
Version: 1.5.13
Check: dependencies in R code
Result: NOTE
Namespace in Imports field not imported from: ‘e1071’
All declared Imports should be used.
Flavors: r-devel-linux-x86_64-fedora-clang, r-devel-linux-x86_64-fedora-gcc, r-oldrel-macos-arm64, r-oldrel-macos-x86_64
Version: 1.5.13
Check: package dependencies
Result: NOTE
Package suggested but not available for checking: ‘RWeka’
Flavor: r-oldrel-macos-x86_64