CRAN Package Check Results for Package lmSupport

Last updated on 2020-01-17 22:50:56 CET.

Flavor Version Tinstall Tcheck Ttotal Status Flags
r-devel-linux-x86_64-debian-clang 2.9.13 20.96 157.96 178.92 OK
r-devel-linux-x86_64-debian-gcc 2.9.13 17.40 119.79 137.19 WARN
r-devel-linux-x86_64-fedora-clang 2.9.13 221.93 WARN
r-devel-linux-x86_64-fedora-gcc 2.9.13 207.50 OK
r-devel-windows-ix86+x86_64 2.9.13 65.00 232.00 297.00 OK
r-devel-windows-ix86+x86_64-gcc8 2.9.13 48.00 252.00 300.00 OK
r-patched-linux-x86_64 2.9.13 15.36 133.63 148.99 OK
r-patched-solaris-x86 2.9.13 279.00 OK
r-release-linux-x86_64 2.9.13 17.62 133.79 151.41 OK
r-release-windows-ix86+x86_64 2.9.13 52.00 218.00 270.00 OK
r-release-osx-x86_64 2.9.13 OK
r-oldrel-windows-ix86+x86_64 2.9.13 30.00 198.00 228.00 OK
r-oldrel-osx-x86_64 2.9.13 OK

Check Details

Version: 2.9.13
Check: package dependencies
Result: WARN
    Requires orphaned package: ‘gplots’
Flavors: r-devel-linux-x86_64-debian-gcc, r-devel-linux-x86_64-fedora-clang