CRAN Package Check Results for Package lmboot

Last updated on 2019-11-18 22:47:14 CET.

Flavor Version Tinstall Tcheck Ttotal Status Flags
r-devel-linux-x86_64-debian-clang 0.0.1 2.41 20.88 23.29 OK
r-devel-linux-x86_64-debian-gcc 0.0.1 2.18 16.86 19.04 OK
r-devel-linux-x86_64-fedora-clang 0.0.1 28.74 OK
r-devel-linux-x86_64-fedora-gcc 0.0.1 27.90 OK
r-devel-windows-ix86+x86_64 0.0.1 11.00 44.00 55.00 OK
r-patched-linux-x86_64 0.0.1 1.80 19.80 21.60 OK
r-patched-solaris-x86 0.0.1 41.80 OK
r-release-linux-x86_64 0.0.1 2.29 19.83 22.12 OK
r-release-windows-ix86+x86_64 0.0.1 5.00 48.00 53.00 OK
r-release-osx-x86_64 0.0.1 OK
r-oldrel-windows-ix86+x86_64 0.0.1 2.00 7.00 9.00 ERROR
r-oldrel-osx-x86_64 0.0.1 ERROR

Check Details

Version: 0.0.1
Check: package dependencies
Result: ERROR
    Package required and available but unsuitable version: 'stats'
    
    See section 'The DESCRIPTION file' in the 'Writing R Extensions'
    manual.
Flavors: r-oldrel-windows-ix86+x86_64, r-oldrel-osx-x86_64