CRAN Package Check Results for Package lmem.qtler

Last updated on 2019-12-11 22:51:12 CET.

Flavor Version Tinstall Tcheck Ttotal Status Flags
r-devel-linux-x86_64-debian-clang 0.1.1 9.84 87.24 97.08 NOTE
r-devel-linux-x86_64-debian-gcc 0.1.1 9.33 67.84 77.17 NOTE
r-devel-linux-x86_64-fedora-clang 0.1.1 117.74 NOTE
r-devel-linux-x86_64-fedora-gcc 0.1.1 114.81 NOTE
r-devel-windows-ix86+x86_64 0.1.1 18.00 125.00 143.00 NOTE
r-devel-windows-ix86+x86_64-gcc8 0.1.1 19.00 144.00 163.00 NOTE
r-patched-linux-x86_64 0.1.1 8.91 77.49 86.40 NOTE
r-patched-solaris-x86 0.1.1 159.60 NOTE
r-release-linux-x86_64 0.1.1 8.66 77.58 86.24 NOTE
r-release-windows-ix86+x86_64 0.1.1 19.00 86.00 105.00 NOTE
r-release-osx-x86_64 0.1.1 NOTE
r-oldrel-windows-ix86+x86_64 0.1.1 10.00 91.00 101.00 NOTE
r-oldrel-osx-x86_64 0.1.1 NOTE

Check Details

Version: 0.1.1
Check: R code for possible problems
Result: NOTE
    mq.diagnostics : mq_missinggenotype_plot: no visible global function
     definition for 'plot.missing'
    Undefined global functions or variables:
     plot.missing
Flavors: r-devel-linux-x86_64-debian-clang, r-devel-linux-x86_64-debian-gcc, r-devel-linux-x86_64-fedora-clang, r-devel-linux-x86_64-fedora-gcc, r-devel-windows-ix86+x86_64, r-devel-windows-ix86+x86_64-gcc8, r-patched-linux-x86_64, r-patched-solaris-x86, r-release-linux-x86_64, r-release-windows-ix86+x86_64, r-release-osx-x86_64, r-oldrel-windows-ix86+x86_64, r-oldrel-osx-x86_64

Version: 0.1.1
Check: package vignettes
Result: NOTE
    Package vignette with placeholder title 'Vignette Title':
     'lmem.qtler.Rmd'
Flavors: r-devel-linux-x86_64-debian-clang, r-devel-linux-x86_64-debian-gcc, r-devel-windows-ix86+x86_64, r-devel-windows-ix86+x86_64-gcc8

Version: 0.1.1
Check: for non-standard things in the check directory
Result: NOTE
    Found the following files/directories:
     'cross.data.file.csv' 'qtl_analysis_reports'
Flavors: r-devel-linux-x86_64-debian-clang, r-devel-linux-x86_64-debian-gcc, r-devel-linux-x86_64-fedora-clang, r-devel-linux-x86_64-fedora-gcc