CRAN Package Check Results for Package lmem.qtler

Last updated on 2019-08-18 22:46:59 CEST.

Flavor Version Tinstall Tcheck Ttotal Status Flags
r-devel-linux-x86_64-debian-clang 0.1.1 9.70 79.22 88.92 NOTE
r-devel-linux-x86_64-debian-gcc 0.1.1 9.69 63.26 72.95 NOTE
r-devel-linux-x86_64-fedora-clang 0.1.1 108.75 NOTE
r-devel-linux-x86_64-fedora-gcc 0.1.1 105.52 NOTE
r-devel-windows-ix86+x86_64 0.1.1 24.00 126.00 150.00 NOTE
r-patched-linux-x86_64 0.1.1 9.09 78.49 87.58 NOTE
r-patched-solaris-x86 0.1.1 171.20 NOTE
r-release-linux-x86_64 0.1.1 10.23 78.59 88.82 NOTE
r-release-windows-ix86+x86_64 0.1.1 15.00 83.00 98.00 NOTE
r-release-osx-x86_64 0.1.1 NOTE
r-oldrel-windows-ix86+x86_64 0.1.1 16.00 112.00 128.00 NOTE
r-oldrel-osx-x86_64 0.1.1 NOTE

Check Details

Version: 0.1.1
Check: R code for possible problems
Result: NOTE
    mq.diagnostics : mq_missinggenotype_plot: no visible global function
     definition for 'plot.missing'
    Undefined global functions or variables:
     plot.missing
Flavors: r-devel-linux-x86_64-debian-clang, r-devel-linux-x86_64-debian-gcc, r-devel-linux-x86_64-fedora-clang, r-devel-linux-x86_64-fedora-gcc, r-devel-windows-ix86+x86_64, r-patched-linux-x86_64, r-patched-solaris-x86, r-release-linux-x86_64, r-release-windows-ix86+x86_64, r-release-osx-x86_64, r-oldrel-windows-ix86+x86_64, r-oldrel-osx-x86_64

Version: 0.1.1
Check: package vignettes
Result: NOTE
    Package vignette with placeholder title 'Vignette Title':
     'lmem.qtler.Rmd'
Flavors: r-devel-linux-x86_64-debian-clang, r-devel-linux-x86_64-debian-gcc, r-devel-windows-ix86+x86_64

Version: 0.1.1
Check: for non-standard things in the check directory
Result: NOTE
    Found the following files/directories:
     'cross.data.file.csv' 'qtl_analysis_reports'
Flavors: r-devel-linux-x86_64-debian-clang, r-devel-linux-x86_64-debian-gcc, r-devel-linux-x86_64-fedora-clang, r-devel-linux-x86_64-fedora-gcc