CRAN Package Check Results for Package lmtp

Last updated on 2021-09-18 23:49:57 CEST.

Flavor Version Tinstall Tcheck Ttotal Status Flags
r-devel-linux-x86_64-debian-clang 0.9.1 5.19 119.82 125.01 OK
r-devel-linux-x86_64-debian-gcc 0.9.1 4.57 89.32 93.89 OK
r-devel-linux-x86_64-fedora-clang 0.9.1 152.42 NOTE
r-devel-linux-x86_64-fedora-gcc 0.9.1 141.47 NOTE
r-devel-windows-x86_64 0.9.1 7.00 156.00 163.00 OK
r-devel-windows-x86_64-gcc10-UCRT 0.9.1 NOTE
r-patched-linux-x86_64 0.9.1 5.28 112.06 117.34 OK
r-patched-solaris-x86 0.9.1 317.60 NOTE
r-release-linux-x86_64 0.9.1 4.68 110.72 115.40 OK
r-release-macos-arm64 0.9.1 NOTE
r-release-macos-x86_64 0.9.1 NOTE
r-release-windows-ix86+x86_64 0.9.1 11.00 116.00 127.00 OK
r-oldrel-macos-x86_64 0.9.1 NOTE
r-oldrel-windows-ix86+x86_64 0.9.1 11.00 113.00 124.00 OK

Check Details

Version: 0.9.1
Check: dependencies in R code
Result: NOTE
    Namespaces in Imports field not imported from:
     ‘R6’ ‘nnls’ ‘utils’
     All declared Imports should be used.
Flavors: r-devel-linux-x86_64-fedora-clang, r-devel-linux-x86_64-fedora-gcc, r-devel-windows-x86_64-gcc10-UCRT, r-patched-solaris-x86, r-release-macos-arm64, r-release-macos-x86_64, r-oldrel-macos-x86_64