Last updated on 2024-04-26 22:54:47 CEST.
Flavor | Version | Tinstall | Tcheck | Ttotal | Status | Flags |
---|---|---|---|---|---|---|
r-devel-linux-x86_64-debian-clang | 1.9 | 88.26 | 106.36 | 194.62 | OK | |
r-devel-linux-x86_64-debian-gcc | 1.9 | 73.24 | 81.50 | 154.74 | OK | |
r-devel-linux-x86_64-fedora-clang | 1.9 | 237.25 | OK | |||
r-devel-linux-x86_64-fedora-gcc | 1.9 | 257.03 | OK | |||
r-devel-windows-x86_64 | 1.9 | 58.00 | 114.00 | 172.00 | OK | |
r-patched-linux-x86_64 | 1.9 | 62.46 | 105.21 | 167.67 | OK | |
r-release-linux-x86_64 | 1.9 | 60.01 | 106.90 | 166.91 | OK | |
r-release-macos-arm64 | 1.9 | 66.00 | NOTE | |||
r-release-windows-x86_64 | 1.9 | 59.00 | 110.00 | 169.00 | OK | |
r-oldrel-macos-arm64 | 1.9 | 75.00 | NOTE | |||
r-oldrel-macos-x86_64 | 1.9 | 112.00 | NOTE | |||
r-oldrel-windows-x86_64 | 1.9 | 76.00 | 138.00 | 214.00 | OK |
Version: 1.9
Check: installed package size
Result: NOTE
installed size is 27.9Mb
sub-directories of 1Mb or more:
libs 27.8Mb
Flavors: r-release-macos-arm64, r-oldrel-macos-arm64, r-oldrel-macos-x86_64