CRAN Package Check Results for Package locStra

Last updated on 2023-12-10 22:56:02 CET.

Flavor Version Tinstall Tcheck Ttotal Status Flags
r-devel-linux-x86_64-debian-clang 1.9 68.78 107.11 175.89 OK
r-devel-linux-x86_64-debian-gcc 1.9 53.99 81.37 135.36 OK
r-devel-linux-x86_64-fedora-clang 1.9 224.64 OK
r-devel-linux-x86_64-fedora-gcc 1.9 243.70 OK
r-devel-windows-x86_64 1.9 56.00 117.00 173.00 OK
r-patched-linux-x86_64 1.9 52.47 104.69 157.16 OK
r-release-linux-x86_64 1.9 50.06 106.40 156.46 OK
r-release-macos-arm64 1.9 75.00 NOTE
r-release-macos-x86_64 1.9 112.00 NOTE
r-release-windows-x86_64 1.9 70.00 140.00 210.00 OK
r-oldrel-macos-arm64 1.9 69.00 NOTE
r-oldrel-macos-x86_64 1.9 95.00 NOTE
r-oldrel-windows-x86_64 1.9 66.00 135.00 201.00 OK

Check Details

Version: 1.9
Check: installed package size
Result: NOTE installed size is 27.3Mb sub-directories of 1Mb or more: libs 27.1Mb Flavors: r-release-macos-arm64, r-release-macos-x86_64, r-oldrel-macos-arm64, r-oldrel-macos-x86_64