CRAN Package Check Results for Package localICE

Last updated on 2021-11-30 22:54:35 CET.

Flavor Version Tinstall Tcheck Ttotal Status Flags
r-devel-linux-x86_64-debian-clang 0.1.1 4.48 49.51 53.99 NOTE
r-devel-linux-x86_64-debian-gcc 0.1.1 3.42 40.90 44.32 NOTE
r-devel-linux-x86_64-fedora-clang 0.1.1 77.23 NOTE
r-devel-linux-x86_64-fedora-gcc 0.1.1 63.11 NOTE
r-devel-windows-x86_64-new-UL 0.1.1 10.00 87.00 97.00 NOTE
r-devel-windows-x86_64-new-TK 0.1.1 NOTE
r-devel-windows-x86_64-old 0.1.1 8.00 54.00 62.00 NOTE
r-patched-linux-x86_64 0.1.1 3.63 45.41 49.04 NOTE
r-patched-solaris-x86 0.1.1 89.90 NOTE
r-release-linux-x86_64 0.1.1 3.97 45.48 49.45 NOTE
r-release-macos-arm64 0.1.1 NOTE
r-release-macos-x86_64 0.1.1 NOTE
r-release-windows-ix86+x86_64 0.1.1 12.00 50.00 62.00 NOTE
r-oldrel-macos-x86_64 0.1.1 NOTE
r-oldrel-windows-ix86+x86_64 0.1.1 10.00 52.00 62.00 OK

Check Details

Version: 0.1.1
Check: LazyData
Result: NOTE
     'LazyData' is specified without a 'data' directory
Flavors: r-devel-linux-x86_64-debian-clang, r-devel-linux-x86_64-debian-gcc, r-devel-linux-x86_64-fedora-clang, r-devel-linux-x86_64-fedora-gcc, r-devel-windows-x86_64-new-UL, r-devel-windows-x86_64-new-TK, r-devel-windows-x86_64-old, r-patched-linux-x86_64, r-patched-solaris-x86, r-release-linux-x86_64, r-release-macos-arm64, r-release-macos-x86_64, r-release-windows-ix86+x86_64

Version: 0.1.1
Check: dependencies in R code
Result: NOTE
    Namespace in Imports field not imported from: ‘checkmate’
     All declared Imports should be used.
Flavors: r-devel-linux-x86_64-fedora-clang, r-devel-linux-x86_64-fedora-gcc, r-devel-windows-x86_64-new-TK, r-patched-solaris-x86, r-release-macos-arm64, r-release-macos-x86_64, r-oldrel-macos-x86_64