Last updated on 2022-05-23 22:58:18 CEST.
Flavor | Version | Tinstall | Tcheck | Ttotal | Status | Flags |
---|---|---|---|---|---|---|
r-devel-linux-x86_64-debian-clang | 0.1.1 | 5.20 | 67.58 | 72.78 | NOTE | |
r-devel-linux-x86_64-debian-gcc | 0.1.1 | 4.00 | 50.62 | 54.62 | NOTE | |
r-devel-linux-x86_64-fedora-clang | 0.1.1 | 84.04 | NOTE | |||
r-devel-linux-x86_64-fedora-gcc | 0.1.1 | 73.46 | NOTE | |||
r-devel-windows-x86_64 | 0.1.1 | 12.00 | 85.00 | 97.00 | NOTE | |
r-patched-linux-x86_64 | 0.1.1 | 4.82 | 63.93 | 68.75 | NOTE | |
r-release-linux-x86_64 | 0.1.1 | NOTE | ||||
r-release-macos-arm64 | 0.1.1 | 26.00 | NOTE | |||
r-release-macos-x86_64 | 0.1.1 | 45.00 | NOTE | |||
r-release-windows-x86_64 | 0.1.1 | 12.00 | 83.00 | 95.00 | NOTE | |
r-oldrel-macos-arm64 | 0.1.1 | 42.00 | NOTE | |||
r-oldrel-macos-x86_64 | 0.1.1 | 41.00 | NOTE | |||
r-oldrel-windows-ix86+x86_64 | 0.1.1 | 14.00 | 78.00 | 92.00 | NOTE |
Version: 0.1.1
Check: LazyData
Result: NOTE
'LazyData' is specified without a 'data' directory
Flavors: r-devel-linux-x86_64-debian-clang, r-devel-linux-x86_64-debian-gcc, r-devel-linux-x86_64-fedora-clang, r-devel-linux-x86_64-fedora-gcc, r-devel-windows-x86_64, r-patched-linux-x86_64, r-release-linux-x86_64, r-release-macos-arm64, r-release-macos-x86_64, r-release-windows-x86_64, r-oldrel-macos-arm64, r-oldrel-macos-x86_64, r-oldrel-windows-ix86+x86_64
Version: 0.1.1
Check: dependencies in R code
Result: NOTE
Namespace in Imports field not imported from: ‘checkmate’
All declared Imports should be used.
Flavors: r-devel-linux-x86_64-fedora-clang, r-devel-linux-x86_64-fedora-gcc, r-release-macos-arm64, r-release-macos-x86_64, r-oldrel-macos-arm64, r-oldrel-macos-x86_64