CRAN Package Check Results for Package localModel

Last updated on 2024-06-13 22:49:33 CEST.

Flavor Version Tinstall Tcheck Ttotal Status Flags
r-devel-linux-x86_64-debian-clang 0.5 6.21 90.14 96.35 OK
r-devel-linux-x86_64-debian-gcc 0.5 0.36 1.85 2.21 ERROR
r-devel-linux-x86_64-fedora-clang 0.5 123.18 OK
r-devel-linux-x86_64-fedora-gcc 0.5 129.76 OK
r-devel-windows-x86_64 0.5 6.00 87.00 93.00 OK
r-patched-linux-x86_64 0.5 5.39 86.70 92.09 OK
r-release-linux-x86_64 0.5 3.85 86.71 90.56 OK
r-release-macos-arm64 0.5 51.00 OK
r-release-macos-x86_64 0.5 82.00 OK
r-release-windows-x86_64 0.5 7.00 88.00 95.00 OK
r-oldrel-macos-arm64 0.5 53.00 OK
r-oldrel-macos-x86_64 0.5 78.00 OK
r-oldrel-windows-x86_64 0.5 8.00 101.00 109.00 OK

Check Details

Version: 0.5
Check: package dependencies
Result: ERROR Packages required but not available: 'DALEX', 'ggplot2', 'ingredients' Package suggested but not available for checking: ‘testthat’ See section ‘The DESCRIPTION file’ in the ‘Writing R Extensions’ manual. Flavor: r-devel-linux-x86_64-debian-gcc