Last updated on 2023-09-26 23:04:17 CEST.
Flavor | Version | Tinstall | Tcheck | Ttotal | Status | Flags |
---|---|---|---|---|---|---|
r-devel-linux-x86_64-debian-clang | 0.1.1 | 14.55 | 131.33 | 145.88 | OK | |
r-devel-linux-x86_64-debian-gcc | 0.1.1 | 11.06 | 99.16 | 110.22 | OK | |
r-devel-linux-x86_64-fedora-clang | 0.1.1 | 177.97 | NOTE | |||
r-devel-linux-x86_64-fedora-gcc | 0.1.1 | 180.65 | NOTE | |||
r-devel-windows-x86_64 | 0.1.1 | 14.00 | 108.00 | 122.00 | OK | |
r-patched-linux-x86_64 | 0.1.1 | 17.07 | 125.76 | 142.83 | OK | |
r-release-linux-x86_64 | 0.1.1 | 16.00 | 128.61 | 144.61 | OK | |
r-release-macos-arm64 | 0.1.1 | 66.00 | OK | |||
r-release-macos-x86_64 | 0.1.1 | 110.00 | OK | |||
r-release-windows-x86_64 | 0.1.1 | 18.00 | 132.00 | 150.00 | OK | |
r-oldrel-macos-arm64 | 0.1.1 | 65.00 | NOTE | |||
r-oldrel-macos-x86_64 | 0.1.1 | 125.00 | NOTE | |||
r-oldrel-windows-x86_64 | 0.1.1 | 19.00 | 126.00 | 145.00 | OK |
Version: 0.1.1
Check: dependencies in R code
Result: NOTE
Namespace in Imports field not imported from: ‘lestat’
All declared Imports should be used.
Flavors: r-devel-linux-x86_64-fedora-clang, r-devel-linux-x86_64-fedora-gcc, r-oldrel-macos-arm64, r-oldrel-macos-x86_64