CRAN Package Check Results for Package logKDE

Last updated on 2023-09-22 23:05:03 CEST.

Flavor Version Tinstall Tcheck Ttotal Status Flags
r-devel-linux-x86_64-debian-clang 0.3.2 20.90 63.78 84.68 NOTE
r-devel-linux-x86_64-debian-gcc 0.3.2 12.64 49.49 62.13 NOTE
r-devel-linux-x86_64-fedora-clang 0.3.2 111.63 NOTE
r-devel-linux-x86_64-fedora-gcc 0.3.2 119.40 NOTE
r-devel-windows-x86_64 0.3.2 15.00 98.00 113.00 NOTE
r-patched-linux-x86_64 0.3.2 20.55 64.38 84.93 NOTE
r-release-linux-x86_64 0.3.2 18.19 62.87 81.06 NOTE
r-release-macos-arm64 0.3.2 41.00 NOTE
r-release-macos-x86_64 0.3.2 65.00 NOTE
r-release-windows-x86_64 0.3.2 18.00 102.00 120.00 NOTE
r-oldrel-macos-arm64 0.3.2 33.00 NOTE
r-oldrel-macos-x86_64 0.3.2 46.00 NOTE
r-oldrel-windows-x86_64 0.3.2 23.00 102.00 125.00 NOTE

Check Details

Version: 0.3.2
Check: C++ specification
Result: NOTE
     Specified C++11: please drop specification unless essential
Flavors: r-devel-linux-x86_64-debian-clang, r-devel-linux-x86_64-debian-gcc, r-devel-linux-x86_64-fedora-clang, r-devel-linux-x86_64-fedora-gcc, r-devel-windows-x86_64, r-patched-linux-x86_64, r-release-linux-x86_64, r-release-macos-arm64, r-release-macos-x86_64, r-release-windows-x86_64

Version: 0.3.2
Check: LazyData
Result: NOTE
     'LazyData' is specified without a 'data' directory
Flavors: r-devel-linux-x86_64-debian-clang, r-devel-linux-x86_64-debian-gcc, r-devel-linux-x86_64-fedora-clang, r-devel-linux-x86_64-fedora-gcc, r-devel-windows-x86_64, r-patched-linux-x86_64, r-release-linux-x86_64, r-release-macos-arm64, r-release-macos-x86_64, r-release-windows-x86_64, r-oldrel-macos-arm64, r-oldrel-macos-x86_64, r-oldrel-windows-x86_64