Last updated on 2023-09-26 23:04:17 CEST.
Flavor | Version | Tinstall | Tcheck | Ttotal | Status | Flags |
---|---|---|---|---|---|---|
r-devel-linux-x86_64-debian-clang | 0.1.2 | 3.16 | 28.41 | 31.57 | OK | |
r-devel-linux-x86_64-debian-gcc | 0.1.2 | 2.59 | 22.31 | 24.90 | OK | |
r-devel-linux-x86_64-fedora-clang | 0.1.2 | 39.32 | NOTE | |||
r-devel-linux-x86_64-fedora-gcc | 0.1.2 | 38.38 | NOTE | |||
r-devel-windows-x86_64 | 0.1.2 | 4.00 | 47.00 | 51.00 | OK | |
r-patched-linux-x86_64 | 0.1.2 | 2.13 | 28.33 | 30.46 | OK | |
r-release-linux-x86_64 | 0.1.2 | 3.33 | 28.14 | 31.47 | OK | |
r-release-macos-arm64 | 0.1.2 | 18.00 | OK | |||
r-release-macos-x86_64 | 0.1.2 | 20.00 | OK | |||
r-release-windows-x86_64 | 0.1.2 | 6.00 | 46.00 | 52.00 | OK | |
r-oldrel-macos-arm64 | 0.1.2 | 16.00 | NOTE | |||
r-oldrel-macos-x86_64 | 0.1.2 | 33.00 | NOTE | |||
r-oldrel-windows-x86_64 | 0.1.2 | 5.00 | 45.00 | 50.00 | OK |
Version: 0.1.2
Check: data for non-ASCII characters
Result: NOTE
Note: found 12 marked UTF-8 strings
Flavors: r-devel-linux-x86_64-fedora-clang, r-devel-linux-x86_64-fedora-gcc, r-oldrel-macos-arm64, r-oldrel-macos-x86_64