CRAN Package Check Results for Package logisticPCA

Last updated on 2019-09-14 22:48:29 CEST.

Flavor Version Tinstall Tcheck Ttotal Status Flags
r-devel-linux-x86_64-debian-clang 0.2 3.53 53.25 56.78 OK
r-devel-linux-x86_64-debian-gcc 0.2 3.06 40.42 43.48 OK
r-devel-linux-x86_64-fedora-clang 0.2 66.26 NOTE
r-devel-linux-x86_64-fedora-gcc 0.2 64.46 NOTE
r-devel-windows-ix86+x86_64 0.2 24.00 78.00 102.00 OK
r-patched-linux-x86_64 0.2 3.02 50.88 53.90 OK
r-patched-solaris-x86 0.2 103.30 OK
r-release-linux-x86_64 0.2 3.11 51.33 54.44 OK
r-release-windows-ix86+x86_64 0.2 12.00 107.00 119.00 OK
r-release-osx-x86_64 0.2 OK
r-oldrel-windows-ix86+x86_64 0.2 14.00 74.00 88.00 OK
r-oldrel-osx-x86_64 0.2 OK

Check Details

Version: 0.2
Check: compiled code
Result: NOTE
    File ‘logisticPCA/libs/logisticPCA.so’:
     Found no calls to: ‘R_registerRoutines’, ‘R_useDynamicSymbols’
    
    It is good practice to register native routines and to disable symbol
    search.
    
    See ‘Writing portable packages’ in the ‘Writing R Extensions’ manual.
Flavors: r-devel-linux-x86_64-fedora-clang, r-devel-linux-x86_64-fedora-gcc