CRAN Package Check Results for Package logisticPCA

Last updated on 2020-01-17 22:50:56 CET.

Flavor Version Tinstall Tcheck Ttotal Status Flags
r-devel-linux-x86_64-debian-clang 0.2 3.53 55.51 59.04 OK
r-devel-linux-x86_64-debian-gcc 0.2 3.30 41.21 44.51 OK
r-devel-linux-x86_64-fedora-clang 0.2 70.67 NOTE
r-devel-linux-x86_64-fedora-gcc 0.2 69.17 NOTE
r-devel-windows-ix86+x86_64 0.2 21.00 117.00 138.00 OK
r-devel-windows-ix86+x86_64-gcc8 0.2 11.00 124.00 135.00 OK
r-patched-linux-x86_64 0.2 3.10 49.86 52.96 OK
r-patched-solaris-x86 0.2 105.30 OK
r-release-linux-x86_64 0.2 3.60 48.89 52.49 OK
r-release-windows-ix86+x86_64 0.2 17.00 107.00 124.00 OK
r-release-osx-x86_64 0.2 OK
r-oldrel-windows-ix86+x86_64 0.2 11.00 77.00 88.00 OK
r-oldrel-osx-x86_64 0.2 OK

Check Details

Version: 0.2
Check: compiled code
Result: NOTE
    File ‘logisticPCA/libs/logisticPCA.so’:
     Found no calls to: ‘R_registerRoutines’, ‘R_useDynamicSymbols’
    
    It is good practice to register native routines and to disable symbol
    search.
    
    See ‘Writing portable packages’ in the ‘Writing R Extensions’ manual.
Flavors: r-devel-linux-x86_64-fedora-clang, r-devel-linux-x86_64-fedora-gcc