CRAN Package Check Results for Package lolR

Last updated on 2021-11-27 22:57:01 CET.

Flavor Version Tinstall Tcheck Ttotal Status Flags
r-devel-linux-x86_64-debian-clang 2.1 NOTE
r-devel-linux-x86_64-debian-gcc 2.1 7.33 142.92 150.25 NOTE
r-devel-linux-x86_64-fedora-clang 2.1 245.90 NOTE
r-devel-linux-x86_64-fedora-gcc 2.1 250.63 NOTE
r-devel-windows-x86_64-new-UL 2.1 24.00 293.00 317.00 NOTE
r-devel-windows-x86_64-new-TK 2.1 NOTE
r-devel-windows-x86_64-old 2.1 11.00 249.00 260.00 NOTE
r-patched-linux-x86_64 2.1 9.57 209.34 218.91 NOTE
r-patched-solaris-x86 2.1 200.90 NOTE
r-release-linux-x86_64 2.1 NOTE
r-release-macos-arm64 2.1 NOTE
r-release-macos-x86_64 2.1 NOTE
r-release-windows-ix86+x86_64 2.1 22.00 189.00 211.00 NOTE
r-oldrel-macos-x86_64 2.1 NOTE
r-oldrel-windows-ix86+x86_64 2.1 32.00 255.00 287.00 OK

Check Details

Version: 2.1
Check: LazyData
Result: NOTE
     'LazyData' is specified without a 'data' directory
Flavors: r-devel-linux-x86_64-debian-clang, r-devel-linux-x86_64-debian-gcc, r-devel-linux-x86_64-fedora-clang, r-devel-linux-x86_64-fedora-gcc, r-devel-windows-x86_64-new-UL, r-devel-windows-x86_64-new-TK, r-devel-windows-x86_64-old, r-patched-linux-x86_64, r-patched-solaris-x86, r-release-linux-x86_64, r-release-macos-arm64, r-release-macos-x86_64, r-release-windows-ix86+x86_64

Version: 2.1
Check: dependencies in R code
Result: NOTE
    Namespace in Imports field not imported from: ‘ggplot2’
     All declared Imports should be used.
Flavors: r-devel-linux-x86_64-fedora-clang, r-devel-linux-x86_64-fedora-gcc, r-devel-windows-x86_64-new-TK, r-patched-solaris-x86, r-release-macos-arm64, r-release-macos-x86_64, r-oldrel-macos-x86_64