CRAN Package Check Results for Package lolog

Last updated on 2019-07-17 22:54:33 CEST.

Flavor Version Tinstall Tcheck Ttotal Status Flags
r-devel-linux-x86_64-debian-clang 1.2 171.19 637.86 809.05 OK
r-devel-linux-x86_64-debian-gcc 1.2 141.97 501.31 643.28 WARN
r-devel-linux-x86_64-fedora-clang 1.2 1014.07 NOTE
r-devel-linux-x86_64-fedora-gcc 1.2 1164.19 WARN
r-devel-windows-ix86+x86_64 1.2 415.00 209.00 624.00 NOTE --no-vignettes
r-patched-linux-x86_64 1.2 159.68 654.55 814.23 WARN
r-patched-solaris-x86 1.2 1102.20 WARN
r-release-linux-x86_64 1.2 159.97 645.91 805.88 WARN
r-release-windows-ix86+x86_64 1.2 346.00 299.00 645.00 NOTE --no-vignettes
r-release-osx-x86_64 1.2 NOTE
r-oldrel-windows-ix86+x86_64 1.2 311.00 235.00 546.00 ERROR --no-vignettes
r-oldrel-osx-x86_64 1.2 NOTE

Check Details

Version: 1.2
Check: whether package can be installed
Result: WARN
    Found the following significant warnings:
     /home/hornik/tmp/R.check/r-devel-gcc/Work/build/Packages/BH/include/boost/container/detail/copy_move_algo.hpp:183:19: warning: ‘void* memmove(void*, const void*, size_t)’ writing to an object of type ‘value_type’ {aka ‘struct boost::container::dtl::pair<int, int>’} with no trivial copy-assignment; use copy-assignment or copy-initialization instead [-Wclass-memaccess]
     /home/hornik/tmp/R.check/r-devel-gcc/Work/build/Packages/BH/include/boost/container/detail/copy_move_algo.hpp:897:16: warning: ‘void* memmove(void*, const void*, size_t)’ writing to an object of type ‘boost::movelib::detail::iterator_to_element_ptr<boost::container::dtl::pair<int, int>*>::element_type’ {aka ‘struct boost::container::dtl::pair<int, int>’} with no trivial copy-assignment; use copy-assignment or copy-initialization instead [-Wclass-memaccess]
     /home/hornik/tmp/R.check/r-devel-gcc/Work/build/Packages/BH/include/boost/container/detail/copy_move_algo.hpp:197:19: warning: ‘void* memmove(void*, const void*, size_t)’ writing to an object of type ‘boost::movelib::detail::iterator_to_element_ptr<boost::container::dtl::pair<int, int>*>::element_type’ {aka ‘struct boost::container::dtl::pair<int, int>’} with no trivial copy-assignment; use copy-assignment or copy-initialization instead [-Wclass-memaccess]
Flavor: r-devel-linux-x86_64-debian-gcc

Version: 1.2
Check: installed package size
Result: NOTE
     installed size is 23.8Mb
     sub-directories of 1Mb or more:
     libs 22.1Mb
Flavors: r-devel-linux-x86_64-fedora-clang, r-release-osx-x86_64, r-oldrel-osx-x86_64

Version: 1.2
Check: whether package can be installed
Result: WARN
    Found the following significant warnings:
     /data/gannet/ripley/R/test-3.7/BH/include/boost/container/detail/copy_move_algo.hpp:183:19: warning: ‘void* memmove(void*, const void*, size_t)’ writing to an object of type ‘value_type’ {aka ‘struct boost::container::dtl::pair<int, int>’} with no trivial copy-assignment; use copy-assignment or copy-initialization instead [-Wclass-memaccess]
     /data/gannet/ripley/R/test-3.7/BH/include/boost/container/detail/copy_move_algo.hpp:897:16: warning: ‘void* memmove(void*, const void*, size_t)’ writing to an object of type ‘boost::movelib::detail::iterator_to_element_ptr<boost::container::dtl::pair<int, int>*>::element_type’ {aka ‘struct boost::container::dtl::pair<int, int>’} with no trivial copy-assignment; use copy-assignment or copy-initialization instead [-Wclass-memaccess]
     /data/gannet/ripley/R/test-3.7/BH/include/boost/container/detail/copy_move_algo.hpp:197:19: warning: ‘void* memmove(void*, const void*, size_t)’ writing to an object of type ‘boost::movelib::detail::iterator_to_element_ptr<boost::container::dtl::pair<int, int>*>::element_type’ {aka ‘struct boost::container::dtl::pair<int, int>’} with no trivial copy-assignment; use copy-assignment or copy-initialization instead [-Wclass-memaccess]
Flavor: r-devel-linux-x86_64-fedora-gcc

Version: 1.2
Flags: --no-vignettes
Check: installed package size
Result: NOTE
     installed size is 6.0Mb
     sub-directories of 1Mb or more:
     libs 4.5Mb
Flavors: r-devel-windows-ix86+x86_64, r-release-windows-ix86+x86_64, r-oldrel-windows-ix86+x86_64

Version: 1.2
Check: whether package can be installed
Result: WARN
    Found the following significant warnings:
     /home/hornik/tmp/R.check/r-patched-gcc/Work/build/Packages/BH/include/boost/container/detail/copy_move_algo.hpp:183:19: warning: ‘void* memmove(void*, const void*, size_t)’ writing to an object of type ‘value_type’ {aka ‘struct boost::container::dtl::pair<int, int>’} with no trivial copy-assignment; use copy-assignment or copy-initialization instead [-Wclass-memaccess]
     /home/hornik/tmp/R.check/r-patched-gcc/Work/build/Packages/BH/include/boost/container/detail/copy_move_algo.hpp:897:16: warning: ‘void* memmove(void*, const void*, size_t)’ writing to an object of type ‘boost::movelib::detail::iterator_to_element_ptr<boost::container::dtl::pair<int, int>*>::element_type’ {aka ‘struct boost::container::dtl::pair<int, int>’} with no trivial copy-assignment; use copy-assignment or copy-initialization instead [-Wclass-memaccess]
     /home/hornik/tmp/R.check/r-patched-gcc/Work/build/Packages/BH/include/boost/container/detail/copy_move_algo.hpp:197:19: warning: ‘void* memmove(void*, const void*, size_t)’ writing to an object of type ‘boost::movelib::detail::iterator_to_element_ptr<boost::container::dtl::pair<int, int>*>::element_type’ {aka ‘struct boost::container::dtl::pair<int, int>’} with no trivial copy-assignment; use copy-assignment or copy-initialization instead [-Wclass-memaccess]
Flavor: r-patched-linux-x86_64

Version: 1.2
Check: loading without being on the library search path
Result: WARN
    Loading required package: Rcpp
    Error: package or namespace load failed for ‘lolog’:
     .onLoad failed in loadNamespace() for 'pillar', details:
     call: utils::packageVersion("vctrs")
     error: there is no package called ‘vctrs’
    Execution halted
    
    It looks like this package has a loading problem when not on .libPaths:
    see the messages for details.
Flavor: r-patched-solaris-x86

Version: 1.2
Check: whether package can be installed
Result: WARN
    Found the following significant warnings:
     /home/hornik/tmp/R.check/r-release-gcc/Work/build/Packages/BH/include/boost/container/detail/copy_move_algo.hpp:183:19: warning: ‘void* memmove(void*, const void*, size_t)’ writing to an object of type ‘value_type’ {aka ‘struct boost::container::dtl::pair<int, int>’} with no trivial copy-assignment; use copy-assignment or copy-initialization instead [-Wclass-memaccess]
     /home/hornik/tmp/R.check/r-release-gcc/Work/build/Packages/BH/include/boost/container/detail/copy_move_algo.hpp:897:16: warning: ‘void* memmove(void*, const void*, size_t)’ writing to an object of type ‘boost::movelib::detail::iterator_to_element_ptr<boost::container::dtl::pair<int, int>*>::element_type’ {aka ‘struct boost::container::dtl::pair<int, int>’} with no trivial copy-assignment; use copy-assignment or copy-initialization instead [-Wclass-memaccess]
     /home/hornik/tmp/R.check/r-release-gcc/Work/build/Packages/BH/include/boost/container/detail/copy_move_algo.hpp:197:19: warning: ‘void* memmove(void*, const void*, size_t)’ writing to an object of type ‘boost::movelib::detail::iterator_to_element_ptr<boost::container::dtl::pair<int, int>*>::element_type’ {aka ‘struct boost::container::dtl::pair<int, int>’} with no trivial copy-assignment; use copy-assignment or copy-initialization instead [-Wclass-memaccess]
Flavor: r-release-linux-x86_64

Version: 1.2
Flags: --no-vignettes
Check: running tests for arch ‘i386’
Result: ERROR
     Running 'tests.R' [5s]
    Running the tests in 'tests/tests.R' failed.
    Complete output:
     >
     >
     > library(testthat)
     > library(lolog)
     Loading required package: Rcpp
     >
     > test_check("lolog")
     -- 1. Error: (unknown) (@test-BinaryNet.R#8) ----------------------------------
     package or namespace load failed for 'ergm' in loadNamespace(j <- i[[1L]], c(lib.loc, .libPaths()), versionCheck = vI[[j]]):
     namespace 'Matrix' 1.2-15 is already loaded, but >= 1.2.17 is required
     1: library(ergm) at testthat/test-BinaryNet.R:8
     2: tryCatch({
     attr(package, "LibPath") <- which.lib.loc
     ns <- loadNamespace(package, lib.loc)
     env <- attachNamespace(ns, pos = pos, deps)
     }, error = function(e) {
     P <- if (!is.null(cc <- conditionCall(e)))
     paste(" in", deparse(cc)[1L])
     else ""
     msg <- gettextf("package or namespace load failed for %s%s:\n %s", sQuote(package),
     P, conditionMessage(e))
     if (logical.return)
     message(paste("Error:", msg), domain = NA)
     else stop(msg, call. = FALSE, domain = NA)
     })
     3: tryCatchList(expr, classes, parentenv, handlers)
     4: tryCatchOne(expr, names, parentenv, handlers[[1L]])
     5: value[[3L]](cond)
     6: stop(msg, call. = FALSE, domain = NA)
    
     -- 2. Error: (unknown) (@test-likelihood.R#5) ---------------------------------
     package or namespace load failed for 'ergm' in loadNamespace(j <- i[[1L]], c(lib.loc, .libPaths()), versionCheck = vI[[j]]):
     namespace 'Matrix' 1.2-15 is already loaded, but >= 1.2.17 is required
     1: library(ergm) at testthat/test-likelihood.R:5
     2: tryCatch({
     attr(package, "LibPath") <- which.lib.loc
     ns <- loadNamespace(package, lib.loc)
     env <- attachNamespace(ns, pos = pos, deps)
     }, error = function(e) {
     P <- if (!is.null(cc <- conditionCall(e)))
     paste(" in", deparse(cc)[1L])
     else ""
     msg <- gettextf("package or namespace load failed for %s%s:\n %s", sQuote(package),
     P, conditionMessage(e))
     if (logical.return)
     message(paste("Error:", msg), domain = NA)
     else stop(msg, call. = FALSE, domain = NA)
     })
     3: tryCatchList(expr, classes, parentenv, handlers)
     4: tryCatchOne(expr, names, parentenv, handlers[[1L]])
     5: value[[3L]](cond)
     6: stop(msg, call. = FALSE, domain = NA)
    
     -- 3. Error: (unknown) (@test-lolog-fit.R#4) ----------------------------------
     package or namespace load failed for 'ergm' in loadNamespace(j <- i[[1L]], c(lib.loc, .libPaths()), versionCheck = vI[[j]]):
     namespace 'Matrix' 1.2-15 is already loaded, but >= 1.2.17 is required
     1: library(ergm) at testthat/test-lolog-fit.R:4
     2: tryCatch({
     attr(package, "LibPath") <- which.lib.loc
     ns <- loadNamespace(package, lib.loc)
     env <- attachNamespace(ns, pos = pos, deps)
     }, error = function(e) {
     P <- if (!is.null(cc <- conditionCall(e)))
     paste(" in", deparse(cc)[1L])
     else ""
     msg <- gettextf("package or namespace load failed for %s%s:\n %s", sQuote(package),
     P, conditionMessage(e))
     if (logical.return)
     message(paste("Error:", msg), domain = NA)
     else stop(msg, call. = FALSE, domain = NA)
     })
     3: tryCatchList(expr, classes, parentenv, handlers)
     4: tryCatchOne(expr, names, parentenv, handlers[[1L]])
     5: value[[3L]](cond)
     6: stop(msg, call. = FALSE, domain = NA)
    
     -- 4. Error: (unknown) (@test-model-creation.R#4) -----------------------------
     package or namespace load failed for 'ergm' in loadNamespace(j <- i[[1L]], c(lib.loc, .libPaths()), versionCheck = vI[[j]]):
     namespace 'Matrix' 1.2-15 is already loaded, but >= 1.2.17 is required
     1: library(ergm) at testthat/test-model-creation.R:4
     2: tryCatch({
     attr(package, "LibPath") <- which.lib.loc
     ns <- loadNamespace(package, lib.loc)
     env <- attachNamespace(ns, pos = pos, deps)
     }, error = function(e) {
     P <- if (!is.null(cc <- conditionCall(e)))
     paste(" in", deparse(cc)[1L])
     else ""
     msg <- gettextf("package or namespace load failed for %s%s:\n %s", sQuote(package),
     P, conditionMessage(e))
     if (logical.return)
     message(paste("Error:", msg), domain = NA)
     else stop(msg, call. = FALSE, domain = NA)
     })
     3: tryCatchList(expr, classes, parentenv, handlers)
     4: tryCatchOne(expr, names, parentenv, handlers[[1L]])
     5: value[[3L]](cond)
     6: stop(msg, call. = FALSE, domain = NA)
    
     -- 5. Error: (unknown) (@test-stats.R#5) --------------------------------------
     package or namespace load failed for 'ergm' in loadNamespace(j <- i[[1L]], c(lib.loc, .libPaths()), versionCheck = vI[[j]]):
     namespace 'Matrix' 1.2-15 is already loaded, but >= 1.2.17 is required
     1: library(ergm) at testthat/test-stats.R:5
     2: tryCatch({
     attr(package, "LibPath") <- which.lib.loc
     ns <- loadNamespace(package, lib.loc)
     env <- attachNamespace(ns, pos = pos, deps)
     }, error = function(e) {
     P <- if (!is.null(cc <- conditionCall(e)))
     paste(" in", deparse(cc)[1L])
     else ""
     msg <- gettextf("package or namespace load failed for %s%s:\n %s", sQuote(package),
     P, conditionMessage(e))
     if (logical.return)
     message(paste("Error:", msg), domain = NA)
     else stop(msg, call. = FALSE, domain = NA)
     })
     3: tryCatchList(expr, classes, parentenv, handlers)
     4: tryCatchOne(expr, names, parentenv, handlers[[1L]])
     5: value[[3L]](cond)
     6: stop(msg, call. = FALSE, domain = NA)
    
     == testthat results ===========================================================
     OK: 1 SKIPPED: 1 WARNINGS: 0 FAILED: 5
     1. Error: (unknown) (@test-BinaryNet.R#8)
     2. Error: (unknown) (@test-likelihood.R#5)
     3. Error: (unknown) (@test-lolog-fit.R#4)
     4. Error: (unknown) (@test-model-creation.R#4)
     5. Error: (unknown) (@test-stats.R#5)
    
     Error: testthat unit tests failed
     Execution halted
Flavor: r-oldrel-windows-ix86+x86_64

Version: 1.2
Flags: --no-vignettes
Check: running tests for arch ‘x64’
Result: ERROR
     Running 'tests.R' [5s]
    Running the tests in 'tests/tests.R' failed.
    Complete output:
     >
     >
     > library(testthat)
     > library(lolog)
     Loading required package: Rcpp
     >
     > test_check("lolog")
     -- 1. Error: (unknown) (@test-BinaryNet.R#8) ----------------------------------
     package or namespace load failed for 'ergm' in loadNamespace(j <- i[[1L]], c(lib.loc, .libPaths()), versionCheck = vI[[j]]):
     namespace 'Matrix' 1.2-15 is already loaded, but >= 1.2.17 is required
     1: library(ergm) at testthat/test-BinaryNet.R:8
     2: tryCatch({
     attr(package, "LibPath") <- which.lib.loc
     ns <- loadNamespace(package, lib.loc)
     env <- attachNamespace(ns, pos = pos, deps)
     }, error = function(e) {
     P <- if (!is.null(cc <- conditionCall(e)))
     paste(" in", deparse(cc)[1L])
     else ""
     msg <- gettextf("package or namespace load failed for %s%s:\n %s", sQuote(package),
     P, conditionMessage(e))
     if (logical.return)
     message(paste("Error:", msg), domain = NA)
     else stop(msg, call. = FALSE, domain = NA)
     })
     3: tryCatchList(expr, classes, parentenv, handlers)
     4: tryCatchOne(expr, names, parentenv, handlers[[1L]])
     5: value[[3L]](cond)
     6: stop(msg, call. = FALSE, domain = NA)
    
     -- 2. Error: (unknown) (@test-likelihood.R#5) ---------------------------------
     package or namespace load failed for 'ergm' in loadNamespace(j <- i[[1L]], c(lib.loc, .libPaths()), versionCheck = vI[[j]]):
     namespace 'Matrix' 1.2-15 is already loaded, but >= 1.2.17 is required
     1: library(ergm) at testthat/test-likelihood.R:5
     2: tryCatch({
     attr(package, "LibPath") <- which.lib.loc
     ns <- loadNamespace(package, lib.loc)
     env <- attachNamespace(ns, pos = pos, deps)
     }, error = function(e) {
     P <- if (!is.null(cc <- conditionCall(e)))
     paste(" in", deparse(cc)[1L])
     else ""
     msg <- gettextf("package or namespace load failed for %s%s:\n %s", sQuote(package),
     P, conditionMessage(e))
     if (logical.return)
     message(paste("Error:", msg), domain = NA)
     else stop(msg, call. = FALSE, domain = NA)
     })
     3: tryCatchList(expr, classes, parentenv, handlers)
     4: tryCatchOne(expr, names, parentenv, handlers[[1L]])
     5: value[[3L]](cond)
     6: stop(msg, call. = FALSE, domain = NA)
    
     -- 3. Error: (unknown) (@test-lolog-fit.R#4) ----------------------------------
     package or namespace load failed for 'ergm' in loadNamespace(j <- i[[1L]], c(lib.loc, .libPaths()), versionCheck = vI[[j]]):
     namespace 'Matrix' 1.2-15 is already loaded, but >= 1.2.17 is required
     1: library(ergm) at testthat/test-lolog-fit.R:4
     2: tryCatch({
     attr(package, "LibPath") <- which.lib.loc
     ns <- loadNamespace(package, lib.loc)
     env <- attachNamespace(ns, pos = pos, deps)
     }, error = function(e) {
     P <- if (!is.null(cc <- conditionCall(e)))
     paste(" in", deparse(cc)[1L])
     else ""
     msg <- gettextf("package or namespace load failed for %s%s:\n %s", sQuote(package),
     P, conditionMessage(e))
     if (logical.return)
     message(paste("Error:", msg), domain = NA)
     else stop(msg, call. = FALSE, domain = NA)
     })
     3: tryCatchList(expr, classes, parentenv, handlers)
     4: tryCatchOne(expr, names, parentenv, handlers[[1L]])
     5: value[[3L]](cond)
     6: stop(msg, call. = FALSE, domain = NA)
    
     -- 4. Error: (unknown) (@test-model-creation.R#4) -----------------------------
     package or namespace load failed for 'ergm' in loadNamespace(j <- i[[1L]], c(lib.loc, .libPaths()), versionCheck = vI[[j]]):
     namespace 'Matrix' 1.2-15 is already loaded, but >= 1.2.17 is required
     1: library(ergm) at testthat/test-model-creation.R:4
     2: tryCatch({
     attr(package, "LibPath") <- which.lib.loc
     ns <- loadNamespace(package, lib.loc)
     env <- attachNamespace(ns, pos = pos, deps)
     }, error = function(e) {
     P <- if (!is.null(cc <- conditionCall(e)))
     paste(" in", deparse(cc)[1L])
     else ""
     msg <- gettextf("package or namespace load failed for %s%s:\n %s", sQuote(package),
     P, conditionMessage(e))
     if (logical.return)
     message(paste("Error:", msg), domain = NA)
     else stop(msg, call. = FALSE, domain = NA)
     })
     3: tryCatchList(expr, classes, parentenv, handlers)
     4: tryCatchOne(expr, names, parentenv, handlers[[1L]])
     5: value[[3L]](cond)
     6: stop(msg, call. = FALSE, domain = NA)
    
     -- 5. Error: (unknown) (@test-stats.R#5) --------------------------------------
     package or namespace load failed for 'ergm' in loadNamespace(j <- i[[1L]], c(lib.loc, .libPaths()), versionCheck = vI[[j]]):
     namespace 'Matrix' 1.2-15 is already loaded, but >= 1.2.17 is required
     1: library(ergm) at testthat/test-stats.R:5
     2: tryCatch({
     attr(package, "LibPath") <- which.lib.loc
     ns <- loadNamespace(package, lib.loc)
     env <- attachNamespace(ns, pos = pos, deps)
     }, error = function(e) {
     P <- if (!is.null(cc <- conditionCall(e)))
     paste(" in", deparse(cc)[1L])
     else ""
     msg <- gettextf("package or namespace load failed for %s%s:\n %s", sQuote(package),
     P, conditionMessage(e))
     if (logical.return)
     message(paste("Error:", msg), domain = NA)
     else stop(msg, call. = FALSE, domain = NA)
     })
     3: tryCatchList(expr, classes, parentenv, handlers)
     4: tryCatchOne(expr, names, parentenv, handlers[[1L]])
     5: value[[3L]](cond)
     6: stop(msg, call. = FALSE, domain = NA)
    
     == testthat results ===========================================================
     OK: 1 SKIPPED: 1 WARNINGS: 0 FAILED: 5
     1. Error: (unknown) (@test-BinaryNet.R#8)
     2. Error: (unknown) (@test-likelihood.R#5)
     3. Error: (unknown) (@test-lolog-fit.R#4)
     4. Error: (unknown) (@test-model-creation.R#4)
     5. Error: (unknown) (@test-stats.R#5)
    
     Error: testthat unit tests failed
     Execution halted
Flavor: r-oldrel-windows-ix86+x86_64