Last updated on 2024-04-23 22:55:27 CEST.
Flavor | Version | Tinstall | Tcheck | Ttotal | Status | Flags |
---|---|---|---|---|---|---|
r-devel-linux-x86_64-debian-clang | 1.3.1 | 188.66 | 181.85 | 370.51 | OK | --no-vignettes |
r-devel-linux-x86_64-debian-gcc | 1.3.1 | 175.38 | 133.45 | 308.83 | OK | --no-vignettes |
r-devel-linux-x86_64-fedora-clang | 1.3.1 | 510.05 | OK | --no-vignettes | ||
r-devel-linux-x86_64-fedora-gcc | 1.3.1 | 544.57 | OK | --no-vignettes | ||
r-prerel-macos-arm64 | 1.3.1 | 1803.00 | NOTE | |||
r-prerel-windows-x86_64 | 1.3.1 | 168.00 | 178.00 | 346.00 | OK | --no-vignettes |
r-patched-linux-x86_64 | 1.3.1 | 224.38 | 172.33 | 396.71 | OK | --no-vignettes |
r-release-linux-x86_64 | 1.3.1 | 222.64 | 171.64 | 394.28 | OK | --no-vignettes |
r-release-macos-arm64 | 1.3.1 | 733.00 | NOTE | |||
r-release-macos-x86_64 | 1.3.1 | 1624.00 | NOTE | |||
r-release-windows-x86_64 | 1.3.1 | 209.00 | 245.00 | 454.00 | OK | --no-vignettes |
r-oldrel-macos-arm64 | 1.3.1 | 640.00 | NOTE | |||
r-oldrel-windows-x86_64 | 1.3.1 | 190.00 | 242.00 | 432.00 | OK | --no-vignettes |
Version: 1.3.1
Check: installed package size
Result: NOTE
installed size is 19.6Mb
sub-directories of 1Mb or more:
libs 18.0Mb
Flavors: r-prerel-macos-arm64, r-release-macos-arm64, r-release-macos-x86_64, r-oldrel-macos-arm64