CRAN Package Check Results for Package lookout

Last updated on 2024-06-12 22:56:31 CEST.

Flavor Version Tinstall Tcheck Ttotal Status Flags
r-devel-linux-x86_64-debian-clang 0.1.4 5.28 48.54 53.82 OK
r-devel-linux-x86_64-debian-gcc 0.1.4 0.28 1.52 1.80 ERROR
r-devel-linux-x86_64-fedora-clang 0.1.4 68.67 OK
r-devel-linux-x86_64-fedora-gcc 0.1.4 64.01 OK
r-devel-windows-x86_64 0.1.4 6.00 56.00 62.00 OK
r-patched-linux-x86_64 0.1.4 6.85 47.18 54.03 OK
r-release-linux-x86_64 0.1.4 3.68 47.06 50.74 OK
r-release-macos-arm64 0.1.4 24.00 OK
r-release-macos-x86_64 0.1.4 35.00 OK
r-release-windows-x86_64 0.1.4 6.00 56.00 62.00 OK
r-oldrel-macos-arm64 0.1.4 24.00 OK
r-oldrel-macos-x86_64 0.1.4 30.00 OK
r-oldrel-windows-x86_64 0.1.4 8.00 63.00 71.00 OK

Check Details

Version: 0.1.4
Check: package dependencies
Result: ERROR Packages required but not available: 'TDAstats', 'ggplot2', 'tidyr' See section ‘The DESCRIPTION file’ in the ‘Writing R Extensions’ manual. Flavor: r-devel-linux-x86_64-debian-gcc