Last updated on 2024-03-28 23:01:49 CET.
Flavor | Version | Tinstall | Tcheck | Ttotal | Status | Flags |
---|---|---|---|---|---|---|
r-devel-linux-x86_64-debian-clang | 1.4.1 | 28.02 | 266.93 | 294.95 | NOTE | |
r-devel-linux-x86_64-debian-gcc | 1.4.1 | 19.25 | 192.82 | 212.07 | NOTE | |
r-devel-linux-x86_64-fedora-clang | 1.4.1 | 353.78 | NOTE | |||
r-devel-linux-x86_64-fedora-gcc | 1.4.1 | 364.64 | NOTE | |||
r-devel-windows-x86_64 | 1.4.1 | 21.00 | 351.00 | 372.00 | NOTE | |
r-patched-linux-x86_64 | 1.4.1 | 33.19 | 253.58 | 286.77 | NOTE | |
r-release-linux-x86_64 | 1.4.1 | 20.19 | 234.05 | 254.24 | OK | |
r-release-macos-arm64 | 1.4.1 | 170.00 | NOTE | |||
r-release-macos-x86_64 | 1.4.1 | 370.00 | NOTE | |||
r-release-windows-x86_64 | 1.4.1 | 25.00 | 366.00 | 391.00 | OK | |
r-oldrel-macos-arm64 | 1.4.1 | 204.00 | OK | |||
r-oldrel-windows-x86_64 | 1.4.1 | 27.00 | 319.00 | 346.00 | OK |
Version: 1.4.1
Check: Rd files
Result: NOTE
checkRd: (-1) l_binCut.Rd:30: Lost braces
30 | when 'code{labels = FALSE}, the default \code{active} is \code{-1}; and when \code{labels} is a vector of length equal
| ^
Flavors: r-devel-linux-x86_64-debian-clang, r-devel-linux-x86_64-debian-gcc, r-devel-linux-x86_64-fedora-clang, r-devel-linux-x86_64-fedora-gcc, r-devel-windows-x86_64, r-patched-linux-x86_64
Version: 1.4.1
Check: installed package size
Result: NOTE
installed size is 5.0Mb
sub-directories of 1Mb or more:
doc 1.5Mb
tcl 1.3Mb
Flavor: r-devel-linux-x86_64-fedora-clang
Version: 1.4.1
Check: package dependencies
Result: NOTE
Package suggested but not available for checking: ‘RDRToolbox’
Flavors: r-release-macos-arm64, r-release-macos-x86_64