CRAN Package Check Results for Package lorentz

Last updated on 2021-11-28 22:51:19 CET.

Flavor Version Tinstall Tcheck Ttotal Status Flags
r-devel-linux-x86_64-debian-clang 1.0-5 NOTE
r-devel-linux-x86_64-debian-gcc 1.0-5 2.61 35.85 38.46 NOTE
r-devel-linux-x86_64-fedora-clang 1.0-5 73.03 NOTE
r-devel-linux-x86_64-fedora-gcc 1.0-5 63.29 NOTE
r-devel-windows-x86_64-new-UL 1.0-5 11.00 113.00 124.00 NOTE
r-devel-windows-x86_64-new-TK 1.0-5 NOTE
r-devel-windows-x86_64-old 1.0-5 6.00 73.00 79.00 NOTE
r-patched-linux-x86_64 1.0-5 3.44 43.25 46.69 NOTE
r-patched-solaris-x86 1.0-5 87.80 NOTE
r-release-linux-x86_64 1.0-5 2.60 43.48 46.08 NOTE
r-release-macos-arm64 1.0-5 NOTE
r-release-macos-x86_64 1.0-5 NOTE
r-release-windows-ix86+x86_64 1.0-5 7.00 58.00 65.00 NOTE
r-oldrel-macos-x86_64 1.0-5 OK
r-oldrel-windows-ix86+x86_64 1.0-5 7.00 72.00 79.00 OK

Check Details

Version: 1.0-5
Check: LazyData
Result: NOTE
     'LazyData' is specified without a 'data' directory
Flavors: r-devel-linux-x86_64-debian-clang, r-devel-linux-x86_64-debian-gcc, r-devel-linux-x86_64-fedora-clang, r-devel-linux-x86_64-fedora-gcc, r-devel-windows-x86_64-new-UL, r-devel-windows-x86_64-new-TK, r-devel-windows-x86_64-old, r-patched-linux-x86_64, r-patched-solaris-x86, r-release-linux-x86_64, r-release-macos-arm64, r-release-macos-x86_64, r-release-windows-ix86+x86_64