CRAN Package Check Results for Package lotri

Last updated on 2021-08-04 22:55:20 CEST.

Flavor Version Tinstall Tcheck Ttotal Status Flags
r-devel-linux-x86_64-debian-clang 0.3.1 4.43 36.61 41.04 NOTE
r-devel-linux-x86_64-debian-gcc 0.3.1 3.40 28.18 31.58 NOTE
r-devel-linux-x86_64-fedora-clang 0.3.1 57.96 NOTE
r-devel-linux-x86_64-fedora-gcc 0.3.1 49.52 NOTE
r-devel-windows-x86_64 0.3.1 8.00 54.00 62.00 NOTE
r-devel-windows-x86_64-gcc10-UCRT 0.3.1 NOTE
r-patched-linux-x86_64 0.3.1 3.90 34.75 38.65 NOTE
r-patched-solaris-x86 0.3.1 71.90 NOTE
r-release-linux-x86_64 0.3.1 3.79 34.84 38.63 NOTE
r-release-macos-arm64 0.3.1 WARN
r-release-macos-x86_64 0.3.1 NOTE
r-release-windows-ix86+x86_64 0.3.1 14.00 77.00 91.00 NOTE
r-oldrel-macos-x86_64 0.3.1 OK
r-oldrel-windows-ix86+x86_64 0.3.1 12.00 65.00 77.00 OK

Check Details

Version: 0.3.1
Check: LazyData
Result: NOTE
     'LazyData' is specified without a 'data' directory
Flavors: r-devel-linux-x86_64-debian-clang, r-devel-linux-x86_64-debian-gcc, r-devel-linux-x86_64-fedora-clang, r-devel-linux-x86_64-fedora-gcc, r-devel-windows-x86_64, r-devel-windows-x86_64-gcc10-UCRT, r-patched-linux-x86_64, r-patched-solaris-x86, r-release-linux-x86_64, r-release-macos-arm64, r-release-macos-x86_64, r-release-windows-ix86+x86_64

Version: 0.3.1
Check: re-building of vignette outputs
Result: WARN
    Error(s) in re-building vignettes:
     ...
    --- re-building ‘lotri-motivation.Rmd’ using rmarkdown
    Warning in engine$weave(file, quiet = quiet, encoding = enc) :
     Pandoc (>= 1.12.3) not available. Falling back to R Markdown v1.
    Quitting from lines 119-147 (lotri-motivation.Rmd)
    Error: processing vignette 'lotri-motivation.Rmd' failed with diagnostics:
    polygon edge not found
    --- failed re-building ‘lotri-motivation.Rmd’
    
    SUMMARY: processing the following file failed:
     ‘lotri-motivation.Rmd’
    
    Error: Vignette re-building failed.
    Execution halted
Flavor: r-release-macos-arm64