Last updated on 2023-11-27 23:11:42 CET.
Flavor | Version | Tinstall | Tcheck | Ttotal | Status | Flags |
---|---|---|---|---|---|---|
r-devel-linux-x86_64-debian-clang | 5.5.2.0-17.10 | 36.99 | 35.33 | 72.32 | OK | |
r-devel-linux-x86_64-debian-gcc | 5.5.2.0-17.10 | 24.04 | 26.98 | 51.02 | OK | |
r-devel-linux-x86_64-fedora-clang | 5.5.2.0-17.10 | 85.54 | WARN | |||
r-devel-linux-x86_64-fedora-gcc | 5.5.2.0-17.10 | 101.53 | OK | |||
r-devel-windows-x86_64 | 5.5.2.0-17.10 | 60.00 | 65.00 | 125.00 | OK | |
r-patched-linux-x86_64 | 5.5.2.0-17.10 | 34.80 | 34.60 | 69.40 | OK | |
r-release-linux-x86_64 | 5.5.2.0-17.10 | 33.72 | 34.32 | 68.04 | OK | |
r-release-macos-arm64 | 5.5.2.0-17.10 | 33.00 | OK | |||
r-release-macos-x86_64 | 5.5.2.0-17.10 | 64.00 | OK | |||
r-release-windows-x86_64 | 5.5.2.0-17.10 | 73.00 | 66.00 | 139.00 | OK | |
r-oldrel-macos-arm64 | 5.5.2.0-17.10 | 35.00 | OK | |||
r-oldrel-macos-x86_64 | 5.5.2.0-17.10 | 53.00 | OK | |||
r-oldrel-windows-x86_64 | 5.5.2.0-17.10 | 79.00 | 70.00 | 149.00 | OK |
Version: 5.5.2.0-17.10
Check: whether package can be installed
Result: WARN
Found the following significant warnings:
RlpSolve.c:23:9: warning: format string is not a string literal (potentially insecure) [-Wformat-security]
RlpSolve.c:29:11: warning: format string is not a string literal (potentially insecure) [-Wformat-security]
See ‘/data/gannet/ripley/R/packages/tests-clang/lpSolveAPI.Rcheck/00install.out’ for details.
* used C compiler: ‘clang version 17.0.5’
Flavor: r-devel-linux-x86_64-fedora-clang