Last updated on 2023-09-30 22:59:11 CEST.
Flavor | Version | Tinstall | Tcheck | Ttotal | Status | Flags |
---|---|---|---|---|---|---|
r-devel-linux-x86_64-debian-clang | 0.2.3 | 149.73 | 201.97 | 351.70 | OK | |
r-devel-linux-x86_64-debian-gcc | 0.2.3 | 102.19 | 156.43 | 258.62 | OK | |
r-devel-linux-x86_64-fedora-clang | 0.2.3 | 480.30 | OK | |||
r-devel-linux-x86_64-fedora-gcc | 0.2.3 | 480.83 | OK | |||
r-devel-windows-x86_64 | 0.2.3 | 108.00 | 285.00 | 393.00 | OK | |
r-patched-linux-x86_64 | 0.2.3 | 148.58 | 179.41 | 327.99 | OK | |
r-release-linux-x86_64 | 0.2.3 | 140.01 | 181.68 | 321.69 | OK | |
r-release-macos-arm64 | 0.2.3 | 145.00 | NOTE | |||
r-release-macos-x86_64 | 0.2.3 | 315.00 | NOTE | |||
r-release-windows-x86_64 | 0.2.3 | 143.00 | 342.00 | 485.00 | OK | |
r-oldrel-macos-arm64 | 0.2.3 | 146.00 | NOTE | |||
r-oldrel-macos-x86_64 | 0.2.3 | 219.00 | OK | |||
r-oldrel-windows-x86_64 | 0.2.3 | 130.00 | 348.00 | 478.00 | OK |
Version: 0.2.3
Check: installed package size
Result: NOTE
installed size is 5.2Mb
sub-directories of 1Mb or more:
libs 3.6Mb
Flavors: r-release-macos-arm64, r-release-macos-x86_64, r-oldrel-macos-arm64