CRAN Package Check Results for Package lpirfs

Last updated on 2021-10-17 22:48:39 CEST.

Flavor Version Tinstall Tcheck Ttotal Status Flags
r-devel-linux-x86_64-debian-clang 0.2.0 125.51 196.81 322.32 OK
r-devel-linux-x86_64-debian-gcc 0.2.0 95.00 141.08 236.08 OK
r-devel-linux-x86_64-fedora-clang 0.2.0 437.99 NOTE
r-devel-linux-x86_64-fedora-gcc 0.2.0 404.56 OK
r-devel-windows-x86_64 0.2.0 173.00 411.00 584.00 OK
r-devel-windows-x86_64-gcc10-UCRT 0.2.0 OK
r-patched-linux-x86_64 0.2.0 129.04 182.08 311.12 OK
r-patched-solaris-x86 0.2.0 507.40 OK
r-release-linux-x86_64 0.2.0 118.10 182.19 300.29 OK
r-release-macos-arm64 0.2.0 NOTE
r-release-macos-x86_64 0.2.0 OK
r-release-windows-ix86+x86_64 0.2.0 325.00 576.00 901.00 OK
r-oldrel-macos-x86_64 0.2.0 OK
r-oldrel-windows-ix86+x86_64 0.2.0 337.00 599.00 936.00 OK

Check Details

Version: 0.2.0
Check: installed package size
Result: NOTE
     installed size is 5.5Mb
     sub-directories of 1Mb or more:
     libs 3.9Mb
Flavors: r-devel-linux-x86_64-fedora-clang, r-release-macos-arm64