CRAN Package Check Results for Package ludic

Last updated on 2021-07-31 22:53:36 CEST.

Flavor Version Tinstall Tcheck Ttotal Status Flags
r-devel-linux-x86_64-debian-clang 0.1.8 100.66 119.05 219.71 OK
r-devel-linux-x86_64-debian-gcc 0.1.8 66.64 93.37 160.01 OK
r-devel-linux-x86_64-fedora-clang 0.1.8 296.03 NOTE
r-devel-linux-x86_64-fedora-gcc 0.1.8 270.98 OK
r-devel-windows-x86_64 0.1.8 92.00 153.00 245.00 OK
r-devel-windows-x86_64-gcc10-UCRT 0.1.8 OK
r-patched-linux-x86_64 0.1.8 OK
r-patched-solaris-x86 0.1.8 336.10 OK
r-release-linux-x86_64 0.1.8 77.36 116.39 193.75 OK
r-release-macos-arm64 0.1.8 NOTE
r-release-macos-x86_64 0.1.8 NOTE
r-release-windows-ix86+x86_64 0.1.8 232.00 149.00 381.00 OK
r-oldrel-macos-x86_64 0.1.8 NOTE
r-oldrel-windows-ix86+x86_64 0.1.8 161.00 210.00 371.00 OK

Check Details

Version: 0.1.8
Check: installed package size
Result: NOTE
     installed size is 5.8Mb
     sub-directories of 1Mb or more:
     data 2.1Mb
     libs 3.5Mb
Flavors: r-devel-linux-x86_64-fedora-clang, r-release-macos-arm64, r-release-macos-x86_64, r-oldrel-macos-x86_64