CRAN Package Check Results for Package ludic

Last updated on 2019-07-17 22:54:33 CEST.

Flavor Version Tinstall Tcheck Ttotal Status Flags
r-devel-linux-x86_64-debian-clang 0.1.6 75.95 101.41 177.36 NOTE
r-devel-linux-x86_64-debian-gcc 0.1.6 66.48 83.25 149.73 NOTE
r-devel-linux-x86_64-fedora-clang 0.1.6 241.74 NOTE
r-devel-linux-x86_64-fedora-gcc 0.1.6 237.81 NOTE
r-devel-windows-ix86+x86_64 0.1.6 178.00 192.00 370.00 OK
r-patched-linux-x86_64 0.1.6 75.99 100.45 176.44 NOTE
r-patched-solaris-x86 0.1.6 319.50 OK
r-release-linux-x86_64 0.1.6 70.12 101.29 171.41 NOTE
r-release-windows-ix86+x86_64 0.1.6 137.00 204.00 341.00 OK
r-release-osx-x86_64 0.1.6 NOTE
r-oldrel-windows-ix86+x86_64 0.1.6 123.00 172.00 295.00 OK
r-oldrel-osx-x86_64 0.1.6 NOTE

Check Details

Version: 0.1.6
Check: use of SHLIB_OPENMP_*FLAGS in Makefiles
Result: NOTE
     src/Makevars: SHLIB_OPENMP_CXXFLAGS is included in PKG_CXXFLAGS but not in PKG_LIBS
     src/Makevars: SHLIB_OPENMP_CFLAGS is included in PKG_LIBS but linking is by C++
     src/Makevars.win: SHLIB_OPENMP_CXXFLAGS is included in PKG_CXXFLAGS but not in PKG_LIBS
     src/Makevars.win: SHLIB_OPENMP_CFLAGS is included in PKG_LIBS but linking is by C++
    Use of these macros is discussed in sect 1.2.1.1 of 'Writing R
    Extensions'. The macros for different languages may differ so the
    matching macro must be used in PKG_CXXFLAGS (etc) and match that used
    in PKG_LIBS (except for Fortran: see the manual).
Flavors: r-devel-linux-x86_64-debian-clang, r-devel-linux-x86_64-debian-gcc, r-devel-linux-x86_64-fedora-clang, r-devel-linux-x86_64-fedora-gcc, r-patched-linux-x86_64, r-release-linux-x86_64

Version: 0.1.6
Check: installed package size
Result: NOTE
     installed size is 5.5Mb
     sub-directories of 1Mb or more:
     data 2.1Mb
     libs 3.3Mb
Flavors: r-devel-linux-x86_64-fedora-clang, r-release-osx-x86_64, r-oldrel-osx-x86_64