CRAN Package Check Results for Package ludic

Last updated on 2019-10-22 22:49:14 CEST.

Flavor Version Tinstall Tcheck Ttotal Status Flags
r-devel-linux-x86_64-debian-clang 0.1.7 86.15 103.12 189.27 OK
r-devel-linux-x86_64-debian-gcc 0.1.7 60.49 83.87 144.36 OK
r-devel-linux-x86_64-fedora-clang 0.1.7 251.09 NOTE
r-devel-linux-x86_64-fedora-gcc 0.1.7 242.62 OK
r-devel-windows-ix86+x86_64 0.1.7 166.00 188.00 354.00 OK
r-patched-linux-x86_64 0.1.7 70.46 101.76 172.22 OK
r-patched-solaris-x86 0.1.7 305.60 OK
r-release-linux-x86_64 0.1.7 71.14 100.92 172.06 OK
r-release-windows-ix86+x86_64 0.1.7 214.00 141.00 355.00 OK
r-release-osx-x86_64 0.1.7 NOTE
r-oldrel-windows-ix86+x86_64 0.1.7 203.00 177.00 380.00 OK
r-oldrel-osx-x86_64 0.1.7 NOTE

Check Details

Version: 0.1.7
Check: installed package size
Result: NOTE
     installed size is 5.8Mb
     sub-directories of 1Mb or more:
     data 2.1Mb
     libs 3.5Mb
Flavors: r-devel-linux-x86_64-fedora-clang, r-release-osx-x86_64, r-oldrel-osx-x86_64