Last updated on 2023-03-23 22:52:36 CET.
Flavor | Version | Tinstall | Tcheck | Ttotal | Status | Flags |
---|---|---|---|---|---|---|
r-devel-linux-x86_64-debian-clang | 0.2.0 | 1.82 | 26.71 | 28.53 | NOTE | |
r-devel-linux-x86_64-debian-gcc | 0.2.0 | 1.57 | 21.23 | 22.80 | NOTE | |
r-devel-linux-x86_64-fedora-clang | 0.2.0 | 37.65 | NOTE | |||
r-devel-linux-x86_64-fedora-gcc | 0.2.0 | 48.00 | NOTE | |||
r-patched-linux-x86_64 | 0.2.0 | 2.31 | 26.67 | 28.98 | NOTE | |
r-release-linux-x86_64 | 0.2.0 | 1.71 | 27.01 | 28.72 | NOTE | |
r-release-macos-arm64 | 0.2.0 | 17.00 | NOTE | |||
r-release-macos-x86_64 | 0.2.0 | 24.00 | NOTE | |||
r-release-windows-x86_64 | 0.2.0 | 17.00 | 69.00 | 86.00 | NOTE | |
r-oldrel-macos-arm64 | 0.2.0 | 20.00 | NOTE | |||
r-oldrel-macos-x86_64 | 0.2.0 | 29.00 | NOTE | |||
r-oldrel-windows-ix86+x86_64 | 0.2.0 | 5.00 | 51.00 | 56.00 | NOTE |
Version: 0.2.0
Check: LazyData
Result: NOTE
'LazyData' is specified without a 'data' directory
Flavors: r-devel-linux-x86_64-debian-clang, r-devel-linux-x86_64-debian-gcc, r-devel-linux-x86_64-fedora-clang, r-devel-linux-x86_64-fedora-gcc, r-patched-linux-x86_64, r-release-linux-x86_64, r-release-macos-arm64, r-release-macos-x86_64, r-release-windows-x86_64, r-oldrel-macos-arm64, r-oldrel-macos-x86_64, r-oldrel-windows-ix86+x86_64
Version: 0.2.0
Check: for non-standard things in the check directory
Result: NOTE
Found the following files/directories:
‘test’
Flavors: r-devel-linux-x86_64-debian-clang, r-devel-linux-x86_64-debian-gcc, r-devel-linux-x86_64-fedora-clang, r-devel-linux-x86_64-fedora-gcc, r-patched-linux-x86_64, r-release-linux-x86_64