Last updated on 2024-03-27 22:57:50 CET.
Flavor | Version | Tinstall | Tcheck | Ttotal | Status | Flags |
---|---|---|---|---|---|---|
r-devel-linux-x86_64-debian-clang | 1.0.2 | 31.92 | 78.10 | 110.02 | NOTE | |
r-devel-linux-x86_64-debian-gcc | 1.0.2 | 25.55 | 60.02 | 85.57 | NOTE | |
r-devel-linux-x86_64-fedora-clang | 1.0.2 | 154.18 | NOTE | |||
r-devel-linux-x86_64-fedora-gcc | 1.0.2 | 160.06 | NOTE | |||
r-devel-windows-x86_64 | 1.0.2 | 29.00 | 103.00 | 132.00 | NOTE | |
r-patched-linux-x86_64 | 1.0.2 | 35.02 | 74.51 | 109.53 | NOTE | |
r-release-linux-x86_64 | 1.0.2 | 22.54 | 74.84 | 97.38 | NOTE | |
r-release-macos-arm64 | 1.0.2 | 50.00 | NOTE | |||
r-release-macos-x86_64 | 1.0.2 | 79.00 | NOTE | |||
r-release-windows-x86_64 | 1.0.2 | 37.00 | 114.00 | 151.00 | NOTE | |
r-oldrel-macos-arm64 | 1.0.2 | 39.00 | NOTE | |||
r-oldrel-windows-x86_64 | 1.0.2 | 36.00 | 111.00 | 147.00 | NOTE |
Version: 1.0.2
Check: LazyData
Result: NOTE
'LazyData' is specified without a 'data' directory
Flavors: r-devel-linux-x86_64-debian-clang, r-devel-linux-x86_64-debian-gcc, r-devel-linux-x86_64-fedora-clang, r-devel-linux-x86_64-fedora-gcc, r-devel-windows-x86_64, r-patched-linux-x86_64, r-release-linux-x86_64, r-release-macos-arm64, r-release-macos-x86_64, r-release-windows-x86_64, r-oldrel-macos-arm64, r-oldrel-windows-x86_64