CRAN Package Check Results for Package m2r

Last updated on 2021-08-02 22:54:36 CEST.

Flavor Version Tinstall Tcheck Ttotal Status Flags
r-devel-linux-x86_64-debian-clang 1.0.2 35.36 71.66 107.02 NOTE
r-devel-linux-x86_64-debian-gcc 1.0.2 20.48 53.32 73.80 NOTE
r-devel-linux-x86_64-fedora-clang 1.0.2 142.30 NOTE
r-devel-linux-x86_64-fedora-gcc 1.0.2 120.94 NOTE
r-devel-windows-x86_64 1.0.2 38.00 101.00 139.00 NOTE
r-devel-windows-x86_64-gcc10-UCRT 1.0.2 NOTE
r-patched-linux-x86_64 1.0.2 NOTE
r-patched-solaris-x86 1.0.2 152.10 NOTE
r-release-linux-x86_64 1.0.2 22.41 66.40 88.81 NOTE
r-release-macos-arm64 1.0.2 NOTE
r-release-macos-x86_64 1.0.2 NOTE
r-release-windows-ix86+x86_64 1.0.2 74.00 135.00 209.00 NOTE
r-oldrel-macos-x86_64 1.0.2 OK
r-oldrel-windows-ix86+x86_64 1.0.2 69.00 143.00 212.00 OK

Check Details

Version: 1.0.2
Check: LazyData
Result: NOTE
     'LazyData' is specified without a 'data' directory
Flavors: r-devel-linux-x86_64-debian-clang, r-devel-linux-x86_64-debian-gcc, r-devel-linux-x86_64-fedora-clang, r-devel-linux-x86_64-fedora-gcc, r-devel-windows-x86_64, r-devel-windows-x86_64-gcc10-UCRT, r-patched-linux-x86_64, r-patched-solaris-x86, r-release-linux-x86_64, r-release-macos-arm64, r-release-macos-x86_64, r-release-windows-ix86+x86_64