Last updated on 2023-09-24 22:59:44 CEST.
Flavor | Version | Tinstall | Tcheck | Ttotal | Status | Flags |
---|---|---|---|---|---|---|
r-devel-linux-x86_64-debian-clang | 2.9.2.0 | 30.00 | 215.72 | 245.72 | OK | |
r-devel-linux-x86_64-debian-gcc | 2.9.2.0 | 23.82 | 167.93 | 191.75 | OK | |
r-devel-linux-x86_64-fedora-clang | 2.9.2.0 | 310.00 | NOTE | |||
r-devel-linux-x86_64-fedora-gcc | 2.9.2.0 | 341.12 | NOTE | |||
r-devel-windows-x86_64 | 2.9.2.0 | 24.00 | 165.00 | 189.00 | OK | |
r-patched-linux-x86_64 | 2.9.2.0 | 20.36 | 168.55 | 188.91 | OK | |
r-release-linux-x86_64 | 2.9.2.0 | 24.54 | 171.11 | 195.65 | OK | |
r-release-macos-arm64 | 2.9.2.0 | 99.00 | OK | |||
r-release-macos-x86_64 | 2.9.2.0 | 185.00 | OK | |||
r-release-windows-x86_64 | 2.9.2.0 | 33.00 | 189.00 | 222.00 | OK | |
r-oldrel-macos-arm64 | 2.9.2.0 | 86.00 | OK | |||
r-oldrel-macos-x86_64 | 2.9.2.0 | 114.00 | OK | |||
r-oldrel-windows-x86_64 | 2.9.2.0 | 31.00 | 189.00 | 220.00 | OK |
Version: 2.9.2.0
Check: dependencies in R code
Result: NOTE
Namespaces in Imports field not imported from:
‘ActCR’ ‘ActFrag’ ‘tidyr’
All declared Imports should be used.
Flavors: r-devel-linux-x86_64-fedora-clang, r-devel-linux-x86_64-fedora-gcc