CRAN Package Check Results for Package maGUI

Last updated on 2021-07-27 01:50:50 CEST.

Flavor Version Tinstall Tcheck Ttotal Status Flags
r-devel-windows-x86_64 3.0 30.00 158.00 188.00 OK
r-devel-windows-x86_64-gcc10-UCRT 3.0 NOTE
r-release-macos-arm64 3.0 ERROR
r-release-macos-x86_64 3.0 ERROR
r-release-windows-ix86+x86_64 3.0 40.00 95.00 135.00 OK
r-oldrel-macos-x86_64 3.0 ERROR
r-oldrel-windows-ix86+x86_64 3.0 31.00 130.00 161.00 OK

Check Details

Version: 3.0
Check: package dependencies
Result: NOTE
    Package suggested but not available for checking: 'simpleaffy'
Flavor: r-devel-windows-x86_64-gcc10-UCRT

Version: 3.0
Check: package dependencies
Result: ERROR
    Packages required but not available: 'RGtk2', 'gWidgets2RGtk2', 'ssize'
    
    Packages suggested but not available for checking:
     'convert', 'marray', 'GEOquery', 'GEOmetadb', 'RBGL', 'WGCNA',
     'KEGGgraph', 'cairoDevice', 'pdInfoBuilder', 'lumi', 'oligo',
     'genefilter', 'simpleaffy', 'beadarray', 'GOstats', 'GO.db',
     'globaltest', 'Category'
    
    See section ‘The DESCRIPTION file’ in the ‘Writing R Extensions’
    manual.
Flavor: r-release-macos-arm64

Version: 3.0
Check: package dependencies
Result: ERROR
    Package required but not available: ‘ssize’
    
    Packages suggested but not available for checking:
     'GEOmetadb', 'WGCNA', 'KEGGgraph', 'pdInfoBuilder', 'lumi',
     'simpleaffy', 'GO.db'
    
    See section ‘The DESCRIPTION file’ in the ‘Writing R Extensions’
    manual.
Flavor: r-release-macos-x86_64

Version: 3.0
Check: package dependencies
Result: ERROR
    Package required but not available: ‘ssize’
    
    Packages suggested but not available for checking:
     'GEOmetadb', 'KEGGREST', 'KEGGgraph', 'pdInfoBuilder', 'lumi',
     'simpleaffy'
    
    See section ‘The DESCRIPTION file’ in the ‘Writing R Extensions’
    manual.
Flavor: r-oldrel-macos-x86_64