CRAN Package Check Results for Package madgrad

Last updated on 2021-11-29 22:59:16 CET.

Flavor Version Tinstall Tcheck Ttotal Status Flags
r-devel-linux-x86_64-debian-clang 0.1.0 2.92 28.34 31.26 OK
r-devel-linux-x86_64-debian-gcc 0.1.0 2.07 22.02 24.09 OK
r-devel-linux-x86_64-fedora-clang 0.1.0 48.46 NOTE
r-devel-linux-x86_64-fedora-gcc 0.1.0 37.22 NOTE
r-devel-windows-x86_64-new-UL 0.1.0 7.00 62.00 69.00 OK
r-devel-windows-x86_64-new-TK 0.1.0 NOTE
r-devel-windows-x86_64-old 0.1.0 5.00 37.00 42.00 OK
r-patched-linux-x86_64 0.1.0 2.69 26.44 29.13 OK
r-patched-solaris-x86 0.1.0 59.00 NOTE
r-release-linux-x86_64 0.1.0 2.35 26.53 28.88 OK
r-release-macos-arm64 0.1.0 NOTE
r-release-macos-x86_64 0.1.0 NOTE
r-release-windows-ix86+x86_64 0.1.0 6.00 33.00 39.00 OK
r-oldrel-macos-x86_64 0.1.0 NOTE
r-oldrel-windows-ix86+x86_64 0.1.0 5.00 46.00 51.00 OK

Check Details

Version: 0.1.0
Check: dependencies in R code
Result: NOTE
    Namespaces in Imports field not imported from:
     ‘rlang’ ‘torch’
     All declared Imports should be used.
Flavors: r-devel-linux-x86_64-fedora-clang, r-devel-linux-x86_64-fedora-gcc, r-devel-windows-x86_64-new-TK, r-patched-solaris-x86, r-release-macos-arm64, r-release-macos-x86_64, r-oldrel-macos-x86_64