CRAN Package Check Results for Package madrat

Last updated on 2021-07-25 23:00:19 CEST.

Flavor Version Tinstall Tcheck Ttotal Status Flags
r-devel-linux-x86_64-debian-clang 1.64.5 8.83 81.59 90.42 OK
r-devel-linux-x86_64-debian-gcc 1.64.5 6.78 60.48 67.26 OK
r-devel-linux-x86_64-fedora-clang 1.64.5 115.52 OK
r-devel-linux-x86_64-fedora-gcc 1.64.5 5.05 ERROR
r-devel-windows-x86_64 1.64.5 14.00 106.00 120.00 OK
r-devel-windows-x86_64-gcc10-UCRT 1.64.5 OK
r-patched-linux-x86_64 1.64.5 8.08 76.60 84.68 OK
r-patched-solaris-x86 1.64.5 145.80 OK
r-release-linux-x86_64 1.64.5 6.93 76.86 83.79 OK
r-release-macos-arm64 1.64.5 OK
r-release-macos-x86_64 1.64.5 OK
r-release-windows-ix86+x86_64 1.64.5 19.00 71.00 90.00 OK
r-oldrel-macos-x86_64 1.64.5 OK
r-oldrel-windows-ix86+x86_64 1.64.5 15.00 106.00 121.00 OK

Check Details

Version: 1.64.5
Check: whether package can be installed
Result: ERROR
    Installation failed.
Flavor: r-devel-linux-x86_64-fedora-gcc