CRAN Package Check Results for Package magicaxis

Last updated on 2023-10-01 23:03:50 CEST.

Flavor Version Tinstall Tcheck Ttotal Status Flags
r-devel-linux-x86_64-debian-clang 2.2.14 7.08 69.59 76.67 OK
r-devel-linux-x86_64-debian-gcc 2.2.14 6.27 52.13 58.40 OK
r-devel-linux-x86_64-fedora-clang 2.2.14 95.78 OK
r-devel-linux-x86_64-fedora-gcc 2.2.14 94.35 OK
r-devel-windows-x86_64 2.2.14 9.00 74.00 83.00 OK
r-patched-linux-x86_64 2.2.14 14.13 66.96 81.09 OK
r-release-linux-x86_64 2.2.14 8.64 67.85 76.49 OK
r-release-macos-arm64 2.2.14 29.00 OK
r-release-macos-x86_64 2.2.14 45.00 NOTE
r-release-windows-x86_64 2.2.14 12.00 80.00 92.00 OK
r-oldrel-macos-arm64 2.2.14 33.00 OK
r-oldrel-macos-x86_64 2.2.14 40.00 OK
r-oldrel-windows-x86_64 2.2.14 11.00 82.00 93.00 OK

Check Details

Version: 2.2.14
Check: package dependencies
Result: NOTE
    Package suggested but not available for checking: ‘imager’
Flavor: r-release-macos-x86_64