CRAN Package Check Results for Package mailR

Last updated on 2019-09-18 22:52:41 CEST.

Flavor Version Tinstall Tcheck Ttotal Status Flags
r-devel-linux-x86_64-debian-clang 0.4.1 3.40 31.99 35.39 OK
r-devel-linux-x86_64-debian-gcc 0.4.1 2.98 25.63 28.61 OK
r-devel-linux-x86_64-fedora-clang 0.4.1 44.05 OK
r-devel-linux-x86_64-fedora-gcc 0.4.1 44.65 OK
r-devel-windows-ix86+x86_64 0.4.1 9.00 6.00 15.00 ERROR
r-patched-linux-x86_64 0.4.1 3.43 31.74 35.17 OK
r-patched-solaris-x86 0.4.1 71.60 OK
r-release-linux-x86_64 0.4.1 3.55 31.58 35.13 OK
r-release-windows-ix86+x86_64 0.4.1 8.00 52.00 60.00 OK
r-release-osx-x86_64 0.4.1 OK
r-oldrel-windows-ix86+x86_64 0.4.1 5.00 43.00 48.00 OK
r-oldrel-osx-x86_64 0.4.1 OK

Check Details

Version: 0.4.1
Check: whether package can be installed
Result: ERROR
    Installation failed.
Flavor: r-devel-windows-ix86+x86_64