CRAN Package Check Results for Package makeParallel

Last updated on 2019-08-21 22:48:42 CEST.

Flavor Version Tinstall Tcheck Ttotal Status Flags
r-devel-linux-x86_64-debian-clang 0.1.1 3.54 37.24 40.78 OK
r-devel-linux-x86_64-debian-gcc 0.1.1 OK
r-devel-linux-x86_64-fedora-clang 0.1.1 54.21 OK
r-devel-linux-x86_64-fedora-gcc 0.1.1 49.85 OK
r-devel-windows-ix86+x86_64 0.1.1 17.00 79.00 96.00 OK
r-patched-linux-x86_64 0.1.1 3.07 36.65 39.72 OK
r-patched-solaris-x86 0.1.1 77.00 OK
r-release-linux-x86_64 0.1.1 3.57 36.96 40.53 OK
r-release-windows-ix86+x86_64 0.1.1 8.00 54.00 62.00 OK
r-release-osx-x86_64 0.1.1 ERROR
r-oldrel-windows-ix86+x86_64 0.1.1 11.00 65.00 76.00 OK
r-oldrel-osx-x86_64 0.1.1 OK

Check Details

Version: 0.1.1
Check: package dependencies
Result: ERROR
    Package required but not available: ‘CodeDepends’
    
    See section ‘The DESCRIPTION file’ in the ‘Writing R Extensions’
    manual.
Flavor: r-release-osx-x86_64