CRAN Package Check Results for Package manifestoR

Last updated on 2024-07-14 22:49:23 CEST.

Flavor Version Tinstall Tcheck Ttotal Status Flags
r-devel-linux-x86_64-debian-clang 1.6.0 12.04 81.12 93.16 OK
r-devel-linux-x86_64-debian-gcc 1.6.0 8.10 59.43 67.53 OK
r-devel-linux-x86_64-fedora-clang 1.6.0 120.40 OK
r-devel-linux-x86_64-fedora-gcc 1.6.0 121.17 OK
r-devel-windows-x86_64 1.6.0 13.00 86.00 99.00 NOTE
r-patched-linux-x86_64 1.6.0 14.27 77.52 91.79 OK
r-release-linux-x86_64 1.6.0 6.42 75.96 82.38 OK
r-release-macos-arm64 1.6.0 64.00 OK
r-release-macos-x86_64 1.6.0 72.00 OK
r-release-windows-x86_64 1.6.0 13.00 86.00 99.00 OK
r-oldrel-macos-arm64 1.6.0 49.00 OK
r-oldrel-macos-x86_64 1.6.0 83.00 OK
r-oldrel-windows-x86_64 1.6.0 14.00 96.00 110.00 OK

Check Details

Version: 1.6.0
Check: Rd cross-references
Result: NOTE Found the following Rd file(s) with Rd \link{} targets missing package anchors: mp_interpolate.Rd: na.approx Please provide package anchors for all Rd \link{} targets not in the package itself and the base packages. Flavor: r-devel-windows-x86_64