CRAN Package Check Results for Package manifestoR

Last updated on 2023-10-02 22:08:03 CEST.

Flavor Version Tinstall Tcheck Ttotal Status Flags
r-devel-linux-x86_64-debian-clang 1.5.0 10.48 76.28 86.76 NOTE
r-devel-linux-x86_64-debian-gcc 1.5.0 8.63 56.75 65.38 NOTE
r-devel-linux-x86_64-fedora-clang 1.5.0 115.78 NOTE
r-devel-linux-x86_64-fedora-gcc 1.5.0 114.38 NOTE
r-devel-windows-x86_64 1.5.0 10.00 89.00 99.00 NOTE
r-patched-linux-x86_64 1.5.0 12.77 71.78 84.55 NOTE
r-release-linux-x86_64 1.5.0 7.35 73.13 80.48 NOTE
r-release-macos-arm64 1.5.0 39.00 NOTE
r-release-macos-x86_64 1.5.0 60.00 NOTE
r-release-windows-x86_64 1.5.0 14.00 92.00 106.00 NOTE
r-oldrel-macos-arm64 1.5.0 29.00 NOTE
r-oldrel-macos-x86_64 1.5.0 60.00 NOTE
r-oldrel-windows-x86_64 1.5.0 15.00 88.00 103.00 NOTE

Check Details

Version: 1.5.0
Check: LazyData
Result: NOTE
     'LazyData' is specified without a 'data' directory
Flavors: r-devel-linux-x86_64-debian-clang, r-devel-linux-x86_64-debian-gcc, r-devel-linux-x86_64-fedora-clang, r-devel-linux-x86_64-fedora-gcc, r-devel-windows-x86_64, r-patched-linux-x86_64, r-release-linux-x86_64, r-release-macos-arm64, r-release-macos-x86_64, r-release-windows-x86_64, r-oldrel-macos-arm64, r-oldrel-macos-x86_64, r-oldrel-windows-x86_64