CRAN Package Check Results for Package manynet

Last updated on 2024-03-02 22:41:58 CET.

Flavor Version Tinstall Tcheck Ttotal Status Flags
r-devel-linux-x86_64-debian-clang 0.4.1 15.39 148.35 163.74 OK
r-devel-linux-x86_64-debian-gcc 0.4.1 14.86 111.59 126.45 OK
r-devel-linux-x86_64-fedora-clang 0.4.1 202.76 NOTE
r-devel-linux-x86_64-fedora-gcc 0.4.1 190.32 NOTE
r-devel-windows-x86_64 0.4.1 15.00 124.00 139.00 OK
r-patched-linux-x86_64 0.4.1 16.53 144.99 161.52 OK
r-release-linux-x86_64 0.4.1 12.49 147.09 159.58 OK
r-release-macos-arm64 0.4.1 55.00 OK
r-release-macos-x86_64 0.4.1 146.00 OK
r-release-windows-x86_64 0.4.1 22.00 152.00 174.00 OK
r-oldrel-macos-arm64 0.4.1 60.00 OK
r-oldrel-windows-x86_64 0.4.1 22.00 145.00 167.00 OK

Check Details

Version: 0.4.1
Check: data for non-ASCII characters
Result: NOTE Note: found 7 marked UTF-8 strings Flavors: r-devel-linux-x86_64-fedora-clang, r-devel-linux-x86_64-fedora-gcc