Last updated on 2023-09-20 21:52:54 CEST.
Flavor | Version | Tinstall | Tcheck | Ttotal | Status | Flags |
---|---|---|---|---|---|---|
r-devel-linux-x86_64-debian-clang | 0.2.5 | 132.77 | 111.91 | 244.68 | OK | |
r-devel-linux-x86_64-debian-gcc | 0.2.5 | 91.19 | 83.17 | 174.36 | OK | |
r-devel-linux-x86_64-fedora-clang | 0.2.5 | 349.06 | OK | |||
r-devel-linux-x86_64-fedora-gcc | 0.2.5 | 369.04 | OK | |||
r-devel-windows-x86_64 | 0.2.5 | 98.00 | 133.00 | 231.00 | OK | |
r-patched-linux-x86_64 | 0.2.5 | 91.53 | 107.81 | 199.34 | OK | |
r-release-linux-x86_64 | 0.2.5 | 96.48 | 108.66 | 205.14 | OK | |
r-release-macos-arm64 | 0.2.5 | 83.00 | NOTE | |||
r-release-macos-x86_64 | 0.2.5 | 147.00 | NOTE | |||
r-release-windows-x86_64 | 0.2.5 | 131.00 | 154.00 | 285.00 | OK | |
r-oldrel-macos-arm64 | 0.2.5 | 81.00 | NOTE | |||
r-oldrel-macos-x86_64 | 0.2.5 | 103.00 | NOTE | |||
r-oldrel-windows-x86_64 | 0.2.5 | 127.00 | 135.00 | 262.00 | OK |
Version: 0.2.5
Check: installed package size
Result: NOTE
installed size is 6.1Mb
sub-directories of 1Mb or more:
libs 5.9Mb
Flavors: r-release-macos-arm64, r-release-macos-x86_64, r-oldrel-macos-arm64, r-oldrel-macos-x86_64