CRAN Package Check Results for Package mapSpain

Last updated on 2021-10-17 22:48:39 CEST.

Flavor Version Tinstall Tcheck Ttotal Status Flags
r-devel-linux-x86_64-debian-clang 0.4.0 9.02 160.11 169.13 OK
r-devel-linux-x86_64-debian-gcc 0.4.0 6.61 118.90 125.51 OK
r-devel-linux-x86_64-fedora-clang 0.4.0 213.70 NOTE
r-devel-linux-x86_64-fedora-gcc 0.4.0 218.29 NOTE
r-devel-windows-x86_64 0.4.0 14.00 163.00 177.00 OK
r-devel-windows-x86_64-gcc10-UCRT 0.3.1 NOTE
r-patched-linux-x86_64 0.3.1 9.40 342.58 351.98 OK
r-patched-solaris-x86 0.4.0 259.10 NOTE
r-release-linux-x86_64 0.4.0 7.30 157.41 164.71 OK
r-release-macos-arm64 0.3.1 NOTE
r-release-macos-x86_64 0.4.0 NOTE
r-release-windows-ix86+x86_64 0.4.0 14.00 122.00 136.00 OK
r-oldrel-macos-x86_64 0.4.0 NOTE
r-oldrel-windows-ix86+x86_64 0.4.0 14.00 127.00 141.00 OK

Check Details

Version: 0.4.0
Check: data for non-ASCII characters
Result: NOTE
     Note: found 13084 marked UTF-8 strings
Flavors: r-devel-linux-x86_64-fedora-clang, r-devel-linux-x86_64-fedora-gcc, r-patched-solaris-x86, r-release-macos-x86_64, r-oldrel-macos-x86_64

Version: 0.3.1
Check: data for non-ASCII characters
Result: NOTE
     Note: found 13084 marked UTF-8 strings
Flavors: r-devel-windows-x86_64-gcc10-UCRT, r-release-macos-arm64