CRAN Package Check Results for Package mapStats

Last updated on 2019-08-21 22:48:43 CEST.

Flavor Version Tinstall Tcheck Ttotal Status Flags
r-devel-linux-x86_64-debian-clang 2.4 9.72 95.07 104.79 NOTE
r-devel-linux-x86_64-debian-gcc 2.4 NOTE
r-devel-linux-x86_64-fedora-clang 2.4 132.68 NOTE
r-devel-linux-x86_64-fedora-gcc 2.4 125.98 NOTE
r-devel-windows-ix86+x86_64 2.4 40.00 191.00 231.00 NOTE
r-patched-linux-x86_64 2.4 9.97 91.98 101.95 NOTE
r-patched-solaris-x86 2.4 209.30 NOTE
r-release-linux-x86_64 2.4 9.97 91.56 101.53 NOTE
r-release-windows-ix86+x86_64 2.4 25.00 114.00 139.00 NOTE
r-release-osx-x86_64 2.4 NOTE
r-oldrel-windows-ix86+x86_64 2.4 25.00 182.00 207.00 NOTE
r-oldrel-osx-x86_64 2.4 NOTE

Check Details

Version: 2.4
Check: R code for possible problems
Result: NOTE
    calcStats: no visible global function definition for 'as.formula'
    calcStats: no visible global function definition for 'na.omit'
    Undefined global functions or variables:
     as.formula na.omit
    Consider adding
     importFrom("stats", "as.formula", "na.omit")
    to your NAMESPACE file.
Flavors: r-devel-linux-x86_64-debian-clang, r-devel-linux-x86_64-debian-gcc, r-devel-linux-x86_64-fedora-clang, r-devel-linux-x86_64-fedora-gcc, r-devel-windows-ix86+x86_64, r-patched-linux-x86_64, r-patched-solaris-x86, r-release-linux-x86_64, r-release-windows-ix86+x86_64, r-release-osx-x86_64, r-oldrel-windows-ix86+x86_64, r-oldrel-osx-x86_64