CRAN Package Check Results for Package mapStats

Last updated on 2019-12-09 22:51:15 CET.

Flavor Version Tinstall Tcheck Ttotal Status Flags
r-devel-linux-x86_64-debian-clang 2.4 11.47 104.77 116.24 NOTE
r-devel-linux-x86_64-debian-gcc 2.4 10.41 79.17 89.58 NOTE
r-devel-linux-x86_64-fedora-clang 2.4 136.15 NOTE
r-devel-linux-x86_64-fedora-gcc 2.4 135.46 NOTE
r-devel-windows-ix86+x86_64 2.4 36.00 191.00 227.00 NOTE
r-devel-windows-ix86+x86_64-gcc8 2.4 34.00 209.00 243.00 NOTE
r-patched-linux-x86_64 2.4 9.52 90.98 100.50 NOTE
r-patched-solaris-x86 2.4 193.70 NOTE
r-release-linux-x86_64 2.4 10.06 90.50 100.56 NOTE
r-release-windows-ix86+x86_64 2.4 27.00 126.00 153.00 NOTE
r-release-osx-x86_64 2.4 NOTE
r-oldrel-windows-ix86+x86_64 2.4 17.00 131.00 148.00 NOTE
r-oldrel-osx-x86_64 2.4 NOTE

Check Details

Version: 2.4
Check: R code for possible problems
Result: NOTE
    calcStats: no visible global function definition for 'as.formula'
    calcStats: no visible global function definition for 'na.omit'
    Undefined global functions or variables:
     as.formula na.omit
    Consider adding
     importFrom("stats", "as.formula", "na.omit")
    to your NAMESPACE file.
Flavors: r-devel-linux-x86_64-debian-clang, r-devel-linux-x86_64-debian-gcc, r-devel-linux-x86_64-fedora-clang, r-devel-linux-x86_64-fedora-gcc, r-devel-windows-ix86+x86_64, r-devel-windows-ix86+x86_64-gcc8, r-patched-linux-x86_64, r-patched-solaris-x86, r-release-linux-x86_64, r-release-windows-ix86+x86_64, r-release-osx-x86_64, r-oldrel-windows-ix86+x86_64, r-oldrel-osx-x86_64