Last updated on 2024-03-27 22:57:50 CET.
Flavor | Version | Tinstall | Tcheck | Ttotal | Status | Flags |
---|---|---|---|---|---|---|
r-devel-linux-x86_64-debian-clang | 1.0.0 | 111.26 | 106.43 | 217.69 | OK | |
r-devel-linux-x86_64-debian-gcc | 1.0.0 | 90.70 | 81.93 | 172.63 | OK | |
r-devel-linux-x86_64-fedora-clang | 1.0.0 | 300.40 | OK | |||
r-devel-linux-x86_64-fedora-gcc | 1.0.0 | 315.43 | OK | |||
r-devel-windows-x86_64 | 1.0.0 | 88.00 | 123.00 | 211.00 | OK | |
r-patched-linux-x86_64 | 1.0.0 | 110.86 | 106.64 | 217.50 | OK | |
r-release-linux-x86_64 | 1.0.0 | 112.37 | 104.17 | 216.54 | OK | |
r-release-macos-arm64 | 1.0.0 | 80.00 | NOTE | |||
r-release-macos-x86_64 | 1.0.0 | 141.00 | NOTE | |||
r-release-windows-x86_64 | 1.0.0 | 113.00 | 147.00 | 260.00 | OK | |
r-oldrel-macos-arm64 | 1.0.0 | 76.00 | NOTE | |||
r-oldrel-windows-x86_64 | 1.0.0 | 104.00 | 144.00 | 248.00 | OK |
Version: 1.0.0
Check: installed package size
Result: NOTE
installed size is 6.0Mb
sub-directories of 1Mb or more:
libs 5.3Mb
Flavors: r-release-macos-arm64, r-release-macos-x86_64, r-oldrel-macos-arm64