CRAN Package Check Results for Package mapfit

Last updated on 2019-10-22 22:49:14 CEST.

Flavor Version Tinstall Tcheck Ttotal Status Flags
r-devel-linux-x86_64-debian-clang 0.9.7 73.82 71.94 145.76 NOTE
r-devel-linux-x86_64-debian-gcc 0.9.7 46.28 57.25 103.53 NOTE
r-devel-linux-x86_64-fedora-clang 0.9.7 199.10 NOTE
r-devel-linux-x86_64-fedora-gcc 0.9.7 171.59 NOTE
r-devel-windows-ix86+x86_64 0.9.7 126.00 153.00 279.00 NOTE
r-patched-linux-x86_64 0.9.7 53.39 70.34 123.73 NOTE
r-patched-solaris-x86 0.9.7 248.30 NOTE
r-release-linux-x86_64 0.9.7 50.99 70.68 121.67 NOTE
r-release-windows-ix86+x86_64 0.9.7 156.00 117.00 273.00 NOTE
r-release-osx-x86_64 0.9.7 NOTE
r-oldrel-windows-ix86+x86_64 0.9.7 179.00 149.00 328.00 NOTE
r-oldrel-osx-x86_64 0.9.7 NOTE

Additional issues

rchk

Check Details

Version: 0.9.7
Check: R code for possible problems
Result: NOTE
    cf1.sample: no visible global function definition for 'rexp'
    cf1.sample: no visible global function definition for 'rmultinom'
    dherlang : <anonymous> : <anonymous>: no visible global function
     definition for 'dgamma'
    erhmm.param.kmeans: no visible global function definition for 'kmeans'
    erhmm.param.kmeans: no visible global function definition for 'var'
    erhmm.param.kmeans: no visible global function definition for 'runif'
    gmmpp.param.kmeans: no visible global function definition for 'kmeans'
    gmmpp.param.kmeans: no visible global function definition for 'runif'
    herlang.param.kmeans: no visible global function definition for
     'kmeans'
    herlang.param.kmeans: no visible global function definition for 'var'
    map.param.kmeans: no visible global function definition for 'kmeans'
    map.param.kmeans: no visible global function definition for 'runif'
    ph.param.random: no visible global function definition for 'runif'
    ph.sample: no visible global function definition for 'rmultinom'
    ph.sample: no visible global function definition for 'rexp'
    pherlang : <anonymous> : <anonymous>: no visible global function
     definition for 'pgamma'
    rherlang: no visible global function definition for 'rmultinom'
    rherlang : <anonymous>: no visible global function definition for
     'rgamma'
    Undefined global functions or variables:
     dgamma kmeans pgamma rexp rgamma rmultinom runif var
    Consider adding
     importFrom("stats", "dgamma", "kmeans", "pgamma", "rexp", "rgamma",
     "rmultinom", "runif", "var")
    to your NAMESPACE file.
Flavors: r-devel-linux-x86_64-debian-clang, r-devel-linux-x86_64-debian-gcc, r-devel-linux-x86_64-fedora-clang, r-devel-linux-x86_64-fedora-gcc, r-devel-windows-ix86+x86_64, r-patched-linux-x86_64, r-patched-solaris-x86, r-release-linux-x86_64, r-release-windows-ix86+x86_64, r-release-osx-x86_64, r-oldrel-windows-ix86+x86_64, r-oldrel-osx-x86_64

Version: 0.9.7
Check: compiled code
Result: NOTE
    File ‘mapfit/libs/mapfit.so’:
     Found no call to: ‘R_useDynamicSymbols’
    
    It is good practice to register native routines and to disable symbol
    search.
    
    See ‘Writing portable packages’ in the ‘Writing R Extensions’ manual.
Flavors: r-devel-linux-x86_64-fedora-clang, r-devel-linux-x86_64-fedora-gcc