CRAN Package Check Results for Package mapr

Last updated on 2020-01-17 22:50:56 CET.

Flavor Version Tinstall Tcheck Ttotal Status Flags
r-devel-linux-x86_64-debian-clang 0.4.0 9.06 85.12 94.18 OK
r-devel-linux-x86_64-debian-gcc 0.4.0 7.78 65.31 73.09 OK
r-devel-linux-x86_64-fedora-clang 0.4.0 119.30 NOTE
r-devel-linux-x86_64-fedora-gcc 0.4.0 113.71 NOTE
r-devel-windows-ix86+x86_64 0.4.0 47.00 188.00 235.00 OK
r-devel-windows-ix86+x86_64-gcc8 0.4.0 31.00 184.00 215.00 OK
r-patched-linux-x86_64 0.4.0 8.23 75.59 83.82 OK
r-patched-solaris-x86 0.4.0 153.80 NOTE
r-release-linux-x86_64 0.4.0 8.24 75.95 84.19 OK
r-release-windows-ix86+x86_64 0.4.0 31.00 169.00 200.00 OK
r-release-osx-x86_64 0.4.0 NOTE
r-oldrel-windows-ix86+x86_64 0.4.0 18.00 110.00 128.00 OK
r-oldrel-osx-x86_64 0.4.0 NOTE

Check Details

Version: 0.4.0
Check: data for non-ASCII characters
Result: NOTE
     Note: found 164 marked UTF-8 strings
Flavors: r-devel-linux-x86_64-fedora-clang, r-devel-linux-x86_64-fedora-gcc, r-patched-solaris-x86, r-release-osx-x86_64, r-oldrel-osx-x86_64