CRAN Package Check Results for Package mapr

Last updated on 2019-09-14 22:48:29 CEST.

Flavor Version Tinstall Tcheck Ttotal Status Flags
r-devel-linux-x86_64-debian-clang 0.4.0 8.08 78.55 86.63 OK
r-devel-linux-x86_64-debian-gcc 0.4.0 6.82 60.54 67.36 OK
r-devel-linux-x86_64-fedora-clang 0.4.0 104.58 NOTE
r-devel-linux-x86_64-fedora-gcc 0.4.0 100.21 NOTE
r-devel-windows-ix86+x86_64 0.4.0 40.00 155.00 195.00 OK
r-patched-linux-x86_64 0.4.0 8.18 74.80 82.98 OK
r-patched-solaris-x86 0.4.0 146.80 NOTE
r-release-linux-x86_64 0.4.0 6.99 74.76 81.75 OK
r-release-windows-ix86+x86_64 0.4.0 28.00 169.00 197.00 OK
r-release-osx-x86_64 0.4.0 NOTE
r-oldrel-windows-ix86+x86_64 0.4.0 21.00 109.00 130.00 OK
r-oldrel-osx-x86_64 0.4.0 NOTE

Check Details

Version: 0.4.0
Check: data for non-ASCII characters
Result: NOTE
     Note: found 164 marked UTF-8 strings
Flavors: r-devel-linux-x86_64-fedora-clang, r-devel-linux-x86_64-fedora-gcc, r-patched-solaris-x86, r-release-osx-x86_64, r-oldrel-osx-x86_64