CRAN Package Check Results for Package maps

Last updated on 2021-09-25 22:54:10 CEST.

Flavor Version Tinstall Tcheck Ttotal Status Flags
r-devel-linux-x86_64-debian-clang 3.3.0 9.37 39.43 48.80 OK
r-devel-linux-x86_64-debian-gcc 3.3.0 5.35 30.80 36.15 OK
r-devel-linux-x86_64-fedora-clang 3.3.0 68.05 OK
r-devel-linux-x86_64-fedora-gcc 3.3.0 57.05 OK
r-devel-windows-x86_64 3.3.0 19.00 45.00 64.00 OK
r-devel-windows-x86_64-gcc10-UCRT 3.3.0 ERROR
r-patched-linux-x86_64 3.3.0 8.61 37.88 46.49 OK
r-patched-solaris-x86 3.3.0 86.90 NOTE
r-release-linux-x86_64 3.3.0 7.38 38.38 45.76 OK
r-release-macos-arm64 3.3.0 OK
r-release-macos-x86_64 3.3.0 OK
r-release-windows-ix86+x86_64 3.3.0 35.00 58.00 93.00 OK
r-oldrel-macos-x86_64 3.3.0 OK
r-oldrel-windows-ix86+x86_64 3.3.0 55.00 56.00 111.00 OK

Check Details

Version: 3.3.0
Check: whether package can be installed
Result: ERROR
    Installation failed.
Flavor: r-devel-windows-x86_64-gcc10-UCRT

Version: 3.3.0
Check: installed package size
Result: NOTE
     installed size is 5.3Mb
     sub-directories of 1Mb or more:
     mapdata 4.2Mb
Flavor: r-patched-solaris-x86