CRAN Package Check Results for Package mapsapi

Last updated on 2020-02-24 22:50:28 CET.

Flavor Version Tinstall Tcheck Ttotal Status Flags
r-devel-linux-x86_64-debian-clang 0.4.2 4.49 56.27 60.76 OK
r-devel-linux-x86_64-debian-gcc 0.4.2 4.24 43.32 47.56 OK
r-devel-linux-x86_64-fedora-clang 0.4.2 74.49 NOTE
r-devel-linux-x86_64-fedora-gcc 0.4.2 75.12 NOTE
r-devel-windows-ix86+x86_64 0.4.2 11.00 62.00 73.00 OK
r-devel-windows-ix86+x86_64-gcc8 0.4.2 18.00 97.00 115.00 OK
r-patched-linux-x86_64 0.4.2 4.21 50.69 54.90 OK
r-patched-solaris-x86 0.4.2 99.30 WARN
r-release-linux-x86_64 0.4.2 3.64 50.33 53.97 OK
r-release-windows-ix86+x86_64 0.4.2 12.00 60.00 72.00 OK
r-release-osx-x86_64 0.4.2 WARN
r-oldrel-windows-ix86+x86_64 0.4.2 10.00 68.00 78.00 OK
r-oldrel-osx-x86_64 0.4.2 WARN

Check Details

Version: 0.4.2
Check: dependencies in R code
Result: NOTE
    Namespace in Imports field not imported from: ‘plyr’
     All declared Imports should be used.
Flavors: r-devel-linux-x86_64-fedora-clang, r-devel-linux-x86_64-fedora-gcc, r-patched-solaris-x86, r-release-osx-x86_64, r-oldrel-osx-x86_64

Version: 0.4.2
Check: re-building of vignette outputs
Result: WARN
    Error(s) in re-building vignettes:
     ...
    --- re-building ‘intro.Rmd’ using rmarkdown
    Warning in engine$weave(file, quiet = quiet, encoding = enc) :
     Pandoc (>= 1.12.3) and/or pandoc-citeproc not available. Falling back to R Markdown v1.
    Quitting from lines 95-100 (intro.Rmd)
    Error: processing vignette 'intro.Rmd' failed with diagnostics:
    there is no package called 'webshot'
    --- failed re-building ‘intro.Rmd’
    
    SUMMARY: processing the following file failed:
     ‘intro.Rmd’
    
    Error: Vignette re-building failed.
    Execution halted
Flavor: r-patched-solaris-x86

Version: 0.4.2
Check: re-building of vignette outputs
Result: WARN
    Error(s) in re-building vignettes:
     ...
    --- re-building ‘intro.Rmd’ using rmarkdown
    Warning in engine$weave(file, quiet = quiet, encoding = enc) :
     Pandoc (>= 1.12.3) and/or pandoc-citeproc not available. Falling back to R Markdown v1.
    Quitting from lines 95-100 (intro.Rmd)
    Error: processing vignette 'intro.Rmd' failed with diagnostics:
    cannot open the connection
    --- failed re-building ‘intro.Rmd’
    
    SUMMARY: processing the following file failed:
     ‘intro.Rmd’
    
    Error: Vignette re-building failed.
    Execution halted
Flavor: r-release-osx-x86_64

Version: 0.4.2
Check: re-building of vignette outputs
Result: WARN
    Error in re-building vignettes:
     ...
    Warning in engine$weave(file, quiet = quiet, encoding = enc) :
     Pandoc (>= 1.12.3) and/or pandoc-citeproc not available. Falling back to R Markdown v1.
    Quitting from lines 95-100 (intro.Rmd)
    Error: processing vignette 'intro.Rmd' failed with diagnostics:
    cannot open the connection
    Execution halted
Flavor: r-oldrel-osx-x86_64