CRAN Package Check Results for Package maptools

Last updated on 2021-12-04 22:59:38 CET.

Flavor Version Tinstall Tcheck Ttotal Status Flags
r-devel-linux-x86_64-debian-clang 1.1-2 17.65 155.97 173.62 OK
r-devel-linux-x86_64-debian-gcc 1.1-2 13.53 116.55 130.08 OK
r-devel-linux-x86_64-fedora-clang 1.1-2 227.35 OK
r-devel-linux-x86_64-fedora-gcc 1.1-2 196.76 OK
r-devel-windows-x86_64-new-UL 1.1-2 57.00 276.00 333.00 OK
r-devel-windows-x86_64-new-TK 1.1-2 OK
r-devel-windows-x86_64-old 1.1-2 37.00 168.00 205.00 OK
r-patched-linux-x86_64 1.1-2 20.35 138.89 159.24 OK
r-release-linux-x86_64 1.1-2 18.12 139.29 157.41 OK
r-release-macos-arm64 1.1-2 OK
r-release-macos-x86_64 1.1-2 NOTE
r-release-windows-ix86+x86_64 1.1-2 69.00 352.00 421.00 OK
r-oldrel-macos-x86_64 1.1-2 OK
r-oldrel-windows-ix86+x86_64 1.1-2 66.00 341.00 407.00 OK

Check Details

Version: 1.1-2
Check: Rd cross-references
Result: NOTE
    Package unavailable to check Rd xrefs: ‘rgeos’
Flavor: r-release-macos-x86_64