Last updated on 2024-03-28 23:01:49 CET.
Flavor | Version | Tinstall | Tcheck | Ttotal | Status | Flags |
---|---|---|---|---|---|---|
r-devel-linux-x86_64-debian-clang | 2.11.2 | 49.10 | 411.55 | 460.65 | OK | |
r-devel-linux-x86_64-debian-gcc | 2.11.2 | 34.17 | 296.74 | 330.91 | OK | |
r-devel-linux-x86_64-fedora-clang | 2.11.2 | 614.59 | NOTE | |||
r-devel-linux-x86_64-fedora-gcc | 2.11.2 | 573.69 | NOTE | |||
r-devel-windows-x86_64 | 2.11.2 | 33.00 | 248.00 | 281.00 | OK | |
r-patched-linux-x86_64 | 2.11.2 | 33.64 | 400.39 | 434.03 | OK | |
r-release-linux-x86_64 | 2.11.2 | 28.10 | 405.17 | 433.27 | OK | |
r-release-macos-arm64 | 2.11.2 | 136.00 | OK | |||
r-release-macos-x86_64 | 2.11.2 | 316.00 | OK | |||
r-release-windows-x86_64 | 2.11.2 | 47.00 | 338.00 | 385.00 | OK | |
r-oldrel-macos-arm64 | 2.11.2 | 123.00 | OK | |||
r-oldrel-windows-x86_64 | 2.11.2 | 52.00 | 333.00 | 385.00 | OK |
Version: 2.11.2
Check: Rd cross-references
Result: NOTE
Undeclared package ‘chromote’ in Rd xrefs
Flavor: r-devel-linux-x86_64-fedora-clang
Version: 2.11.2
Check: data for non-ASCII characters
Result: NOTE
Note: found 1 marked UTF-8 string
Flavors: r-devel-linux-x86_64-fedora-clang, r-devel-linux-x86_64-fedora-gcc