Last updated on 2023-12-01 21:54:10 CET.
Flavor | Version | Tinstall | Tcheck | Ttotal | Status | Flags |
---|---|---|---|---|---|---|
r-devel-linux-x86_64-debian-clang | 2021.2-4 | 1.46 | 31.83 | 33.29 | NOTE | |
r-devel-linux-x86_64-debian-gcc | 2021.2-4 | 1.53 | 24.47 | 26.00 | NOTE | |
r-devel-linux-x86_64-fedora-clang | 2021.2-4 | 42.88 | NOTE | |||
r-devel-linux-x86_64-fedora-gcc | 2021.2-4 | 40.81 | NOTE | |||
r-devel-windows-x86_64 | 2021.2-4 | 2.00 | 48.00 | 50.00 | NOTE | |
r-patched-linux-x86_64 | 2021.2-4 | 1.97 | 32.62 | 34.59 | NOTE | |
r-release-linux-x86_64 | 2021.2-4 | 2.18 | 32.19 | 34.37 | NOTE | |
r-release-macos-arm64 | 2021.2-4 | 21.00 | NOTE | |||
r-release-macos-x86_64 | 2021.2-4 | 28.00 | NOTE | |||
r-release-windows-x86_64 | 2021.2-4 | 3.00 | 50.00 | 53.00 | NOTE | |
r-oldrel-macos-arm64 | 2021.2-4 | 21.00 | NOTE | |||
r-oldrel-macos-x86_64 | 2021.2-4 | 26.00 | NOTE | |||
r-oldrel-windows-x86_64 | 2021.2-4 | 4.00 | 58.00 | 62.00 | NOTE |
Version: 2021.2-4
Check: Rd contents
Result: NOTE
Argument items with no description in Rd file 'bias.factor.Rd':
‘RRud’ ‘RReu’ ‘rr’ ‘s2’
Flavors: r-devel-linux-x86_64-debian-clang, r-devel-linux-x86_64-debian-gcc, r-devel-linux-x86_64-fedora-clang, r-devel-linux-x86_64-fedora-gcc, r-devel-windows-x86_64
Version: 2021.2-4
Check: LazyData
Result: NOTE
'LazyData' is specified without a 'data' directory
Flavors: r-devel-linux-x86_64-debian-clang, r-devel-linux-x86_64-debian-gcc, r-devel-linux-x86_64-fedora-clang, r-devel-linux-x86_64-fedora-gcc, r-devel-windows-x86_64, r-patched-linux-x86_64, r-release-linux-x86_64, r-release-macos-arm64, r-release-macos-x86_64, r-release-windows-x86_64, r-oldrel-macos-arm64, r-oldrel-macos-x86_64, r-oldrel-windows-x86_64