CRAN Package Check Results for Package mark

Last updated on 2022-09-30 22:53:38 CEST.

Flavor Version Tinstall Tcheck Ttotal Status Flags
r-devel-linux-x86_64-debian-clang 0.5.1 9.63 102.81 112.44 ERROR
r-devel-linux-x86_64-debian-gcc 0.5.1 7.46 79.09 86.55 ERROR
r-devel-linux-x86_64-fedora-clang 0.5.1 156.94 ERROR
r-devel-linux-x86_64-fedora-gcc 0.5.1 150.69 ERROR
r-devel-windows-x86_64 0.5.1 75.00 139.00 214.00 ERROR
r-patched-linux-x86_64 0.5.1 11.58 94.89 106.47 OK
r-release-linux-x86_64 0.5.1 8.78 95.57 104.35 OK
r-release-macos-arm64 0.5.1 37.00 OK
r-release-macos-x86_64 0.5.1 56.00 OK
r-release-windows-x86_64 0.5.1 81.00 126.00 207.00 OK
r-oldrel-macos-arm64 0.5.1 38.00 OK
r-oldrel-macos-x86_64 0.5.1 54.00 OK
r-oldrel-windows-ix86+x86_64 0.5.1 21.00 121.00 142.00 OK

Check Details

Version: 0.5.1
Check: tests
Result: ERROR
     Running 'spelling.R' [0s/1s]
     Running 'testthat.R' [31s/25s]
    Running the tests in 'tests/testthat.R' failed.
    Complete output:
     > library(testthat)
     > library(mark, warn.conflicts = FALSE)
     >
     > test_check("mark")
     Starting 2 test processes
     [ FAIL 1 | WARN 0 | SKIP 10 | PASS 745 ]
    
     == Skipped tests ===============================================================
     * Is not interactive (1)
     * On CRAN (7)
     * not interactive: check DESCRIPTION date (1)
     * not static (1)
    
     == Failed tests ================================================================
     -- Error (test-fact.R:207:3): fact_coerce_levels() works -----------------------
     Error in `strptime(xx, f, tz = tz)`: use of %Z for input is not supported
     Backtrace:
     x
     1. +-testthat::expect_equal(fact_coerce_levels(as.character(x)), x) at test-fact.R:207:2
     2. | \-testthat::quasi_label(enquo(object), label, arg = "object")
     3. | \-rlang::eval_bare(expr, quo_get_env(quo))
     4. \-mark:::fact_coerce_levels(as.character(x))
     5. +-mark::wuffle(...)
     6. | \-base::suppressWarnings(expr, ...)
     7. | \-base::withCallingHandlers(...)
     8. +-base::as.POSIXct(...)
     9. \-base::as.POSIXct.default(...)
     10. +-base::as.POSIXct(as.POSIXlt(x, tz, ...), tz, ...)
     11. +-base::as.POSIXlt(x, tz, ...)
     12. \-base::as.POSIXlt.character(x, tz, ...)
     13. \-base::strptime(xx, f, tz = tz)
    
     [ FAIL 1 | WARN 0 | SKIP 10 | PASS 745 ]
     Error: Test failures
     Execution halted
Flavor: r-devel-linux-x86_64-debian-clang

Version: 0.5.1
Check: tests
Result: ERROR
     Running ‘spelling.R’ [0s/1s]
     Running ‘testthat.R’ [23s/22s]
    Running the tests in ‘tests/testthat.R’ failed.
    Complete output:
     > library(testthat)
     > library(mark, warn.conflicts = FALSE)
     >
     > test_check("mark")
     Starting 2 test processes
     [ FAIL 1 | WARN 0 | SKIP 10 | PASS 745 ]
    
     ══ Skipped tests ═══════════════════════════════════════════════════════════════
     • Is not interactive (1)
     • On CRAN (7)
     • not interactive: check DESCRIPTION date (1)
     • not static (1)
    
     ══ Failed tests ════════════════════════════════════════════════════════════════
     ── Error (test-fact.R:207:3): fact_coerce_levels() works ───────────────────────
     Error in `strptime(xx, f, tz = tz)`: use of %Z for input is not supported
     Backtrace:
     ▆
     1. ├─testthat::expect_equal(fact_coerce_levels(as.character(x)), x) at test-fact.R:207:2
     2. │ └─testthat::quasi_label(enquo(object), label, arg = "object")
     3. │ └─rlang::eval_bare(expr, quo_get_env(quo))
     4. └─mark:::fact_coerce_levels(as.character(x))
     5. ├─mark::wuffle(...)
     6. │ └─base::suppressWarnings(expr, ...)
     7. │ └─base::withCallingHandlers(...)
     8. ├─base::as.POSIXct(...)
     9. └─base::as.POSIXct.default(...)
     10. ├─base::as.POSIXct(as.POSIXlt(x, tz, ...), tz, ...)
     11. ├─base::as.POSIXlt(x, tz, ...)
     12. └─base::as.POSIXlt.character(x, tz, ...)
     13. └─base::strptime(xx, f, tz = tz)
    
     [ FAIL 1 | WARN 0 | SKIP 10 | PASS 745 ]
     Error: Test failures
     Execution halted
Flavor: r-devel-linux-x86_64-debian-gcc

Version: 0.5.1
Check: tests
Result: ERROR
     Running ‘spelling.R’
     Running ‘testthat.R’ [37s/28s]
    Running the tests in ‘tests/testthat.R’ failed.
    Complete output:
     > library(testthat)
     > library(mark, warn.conflicts = FALSE)
     >
     > test_check("mark")
     Starting 2 test processes
     [ FAIL 1 | WARN 0 | SKIP 10 | PASS 745 ]
    
     ══ Skipped tests ═══════════════════════════════════════════════════════════════
     • Is not interactive (1)
     • On CRAN (7)
     • not interactive: check DESCRIPTION date (1)
     • not static (1)
    
     ══ Failed tests ════════════════════════════════════════════════════════════════
     ── Error (test-fact.R:207:3): fact_coerce_levels() works ───────────────────────
     Error in `strptime(xx, f, tz = tz)`: use of %Z for input is not supported
     Backtrace:
     ▆
     1. ├─testthat::expect_equal(fact_coerce_levels(as.character(x)), x) at test-fact.R:207:2
     2. │ └─testthat::quasi_label(enquo(object), label, arg = "object")
     3. │ └─rlang::eval_bare(expr, quo_get_env(quo))
     4. └─mark:::fact_coerce_levels(as.character(x))
     5. ├─mark::wuffle(...)
     6. │ └─base::suppressWarnings(expr, ...)
     7. │ └─base::withCallingHandlers(...)
     8. ├─base::as.POSIXct(...)
     9. └─base::as.POSIXct.default(...)
     10. ├─base::as.POSIXct(as.POSIXlt(x, tz, ...), tz, ...)
     11. ├─base::as.POSIXlt(x, tz, ...)
     12. └─base::as.POSIXlt.character(x, tz, ...)
     13. └─base::strptime(xx, f, tz = tz)
    
     [ FAIL 1 | WARN 0 | SKIP 10 | PASS 745 ]
     Error: Test failures
     Execution halted
Flavor: r-devel-linux-x86_64-fedora-clang

Version: 0.5.1
Check: tests
Result: ERROR
     Running ‘spelling.R’
     Running ‘testthat.R’ [38s/31s]
    Running the tests in ‘tests/testthat.R’ failed.
    Complete output:
     > library(testthat)
     > library(mark, warn.conflicts = FALSE)
     >
     > test_check("mark")
     Starting 2 test processes
     [ FAIL 1 | WARN 0 | SKIP 10 | PASS 745 ]
    
     ══ Skipped tests ═══════════════════════════════════════════════════════════════
     • Is not interactive (1)
     • On CRAN (7)
     • not interactive: check DESCRIPTION date (1)
     • not static (1)
    
     ══ Failed tests ════════════════════════════════════════════════════════════════
     ── Error (test-fact.R:207:3): fact_coerce_levels() works ───────────────────────
     Error in `strptime(xx, f, tz = tz)`: use of %Z for input is not supported
     Backtrace:
     ▆
     1. ├─testthat::expect_equal(fact_coerce_levels(as.character(x)), x) at test-fact.R:207:2
     2. │ └─testthat::quasi_label(enquo(object), label, arg = "object")
     3. │ └─rlang::eval_bare(expr, quo_get_env(quo))
     4. └─mark:::fact_coerce_levels(as.character(x))
     5. ├─mark::wuffle(...)
     6. │ └─base::suppressWarnings(expr, ...)
     7. │ └─base::withCallingHandlers(...)
     8. ├─base::as.POSIXct(...)
     9. └─base::as.POSIXct.default(...)
     10. ├─base::as.POSIXct(as.POSIXlt(x, tz, ...), tz, ...)
     11. ├─base::as.POSIXlt(x, tz, ...)
     12. └─base::as.POSIXlt.character(x, tz, ...)
     13. └─base::strptime(xx, f, tz = tz)
    
     [ FAIL 1 | WARN 0 | SKIP 10 | PASS 745 ]
     Error: Test failures
     Execution halted
Flavor: r-devel-linux-x86_64-fedora-gcc

Version: 0.5.1
Check: tests
Result: ERROR
     Running 'spelling.R' [0s]
     Running 'testthat.R' [19s]
    Running the tests in 'tests/testthat.R' failed.
    Complete output:
     > library(testthat)
     > library(mark, warn.conflicts = FALSE)
     >
     > test_check("mark")
     Starting 2 test processes
     [ FAIL 1 | WARN 0 | SKIP 10 | PASS 745 ]
    
     ══ Skipped tests ═══════════════════════════════════════════════════════════════
     • Is not interactive (1)
     • On CRAN (7)
     • not interactive: check DESCRIPTION date (1)
     • not static (1)
    
     ══ Failed tests ════════════════════════════════════════════════════════════════
     ── Error (test-fact.R:207:3): fact_coerce_levels() works ───────────────────────
     Error in `strptime(xx, f, tz = tz)`: use of %Z for input is not supported
     Backtrace:
     ▆
     1. ├─testthat::expect_equal(fact_coerce_levels(as.character(x)), x) at test-fact.R:207:2
     2. │ └─testthat::quasi_label(enquo(object), label, arg = "object")
     3. │ └─rlang::eval_bare(expr, quo_get_env(quo))
     4. └─mark:::fact_coerce_levels(as.character(x))
     5. ├─mark::wuffle(...)
     6. │ └─base::suppressWarnings(expr, ...)
     7. │ └─base::withCallingHandlers(...)
     8. ├─base::as.POSIXct(...)
     9. └─base::as.POSIXct.default(...)
     10. ├─base::as.POSIXct(as.POSIXlt(x, tz, ...), tz, ...)
     11. ├─base::as.POSIXlt(x, tz, ...)
     12. └─base::as.POSIXlt.character(x, tz, ...)
     13. └─base::strptime(xx, f, tz = tz)
    
     [ FAIL 1 | WARN 0 | SKIP 10 | PASS 745 ]
     Error: Test failures
     Execution halted
Flavor: r-devel-windows-x86_64