CRAN Package Check Results for Package matchingMarkets

Last updated on 2021-08-02 22:54:36 CEST.

Flavor Version Tinstall Tcheck Ttotal Status Flags
r-devel-linux-x86_64-debian-clang 1.0-2 228.35 156.25 384.60 OK
r-devel-linux-x86_64-debian-gcc 1.0-2 152.82 114.23 267.05 OK
r-devel-linux-x86_64-fedora-clang 1.0-2 511.47 NOTE
r-devel-linux-x86_64-fedora-gcc 1.0-2 471.98 OK
r-devel-windows-x86_64 1.0-2 186.00 205.00 391.00 NOTE
r-devel-windows-x86_64-gcc10-UCRT 1.0-2 OK
r-patched-linux-x86_64 1.0-2 OK
r-patched-solaris-x86 1.0-2 454.80 NOTE
r-release-linux-x86_64 1.0-2 178.09 147.89 325.98 OK
r-release-macos-arm64 1.0-2 ERROR
r-release-macos-x86_64 1.0-2 NOTE
r-release-windows-ix86+x86_64 1.0-2 498.00 229.00 727.00 NOTE
r-oldrel-macos-x86_64 1.0-2 NOTE
r-oldrel-windows-ix86+x86_64 1.0-2 344.00 238.00 582.00 NOTE

Check Details

Version: 1.0-2
Check: installed package size
Result: NOTE
     installed size is 14.5Mb
     sub-directories of 1Mb or more:
     java 3.3Mb
     libs 9.9Mb
Flavors: r-devel-linux-x86_64-fedora-clang, r-devel-windows-x86_64, r-patched-solaris-x86, r-release-macos-x86_64, r-release-windows-ix86+x86_64, r-oldrel-macos-x86_64, r-oldrel-windows-ix86+x86_64

Version: 1.0-2
Check: whether package can be installed
Result: ERROR
    Installation failed.
Flavor: r-release-macos-arm64