CRAN Package Check Results for Package matchingMarkets

Last updated on 2019-09-16 22:49:26 CEST.

Flavor Version Tinstall Tcheck Ttotal Status Flags
r-devel-linux-x86_64-debian-clang 1.0-1 175.18 135.14 310.32 OK
r-devel-linux-x86_64-debian-gcc 1.0-1 142.58 101.69 244.27 OK
r-devel-linux-x86_64-fedora-clang 1.0-1 452.33 NOTE
r-devel-linux-x86_64-fedora-gcc 1.0-1 442.03 OK
r-devel-windows-ix86+x86_64 1.0-1 447.00 7.00 454.00 ERROR
r-patched-linux-x86_64 1.0-1 154.53 131.61 286.14 OK
r-patched-solaris-x86 1.0-1 423.00 NOTE
r-release-linux-x86_64 1.0-1 158.12 133.95 292.07 OK
r-release-windows-ix86+x86_64 1.0-1 322.00 176.00 498.00 NOTE
r-release-osx-x86_64 1.0-1 NOTE
r-oldrel-windows-ix86+x86_64 1.0-1 443.00 158.00 601.00 NOTE
r-oldrel-osx-x86_64 1.0-1 NOTE

Check Details

Version: 1.0-1
Check: installed package size
Result: NOTE
     installed size is 15.0Mb
     sub-directories of 1Mb or more:
     java 3.3Mb
     libs 10.4Mb
Flavors: r-devel-linux-x86_64-fedora-clang, r-patched-solaris-x86, r-release-windows-ix86+x86_64, r-release-osx-x86_64, r-oldrel-windows-ix86+x86_64, r-oldrel-osx-x86_64

Version: 1.0-1
Check: whether package can be installed
Result: ERROR
    Installation failed.
Flavor: r-devel-windows-ix86+x86_64