CRAN Package Check Results for Package matchingR

Last updated on 2023-06-07 22:02:47 CEST.

Flavor Version Tinstall Tcheck Ttotal Status Flags
r-devel-linux-x86_64-debian-clang 1.3.3 65.28 41.95 107.23 NOTE
r-devel-linux-x86_64-debian-gcc 1.3.3 52.42 33.25 85.67 NOTE
r-devel-linux-x86_64-fedora-clang 1.3.3 172.89 NOTE
r-devel-linux-x86_64-fedora-gcc 1.3.3 175.28 NOTE
r-devel-windows-x86_64 1.3.3 53.00 82.00 135.00 NOTE
r-patched-linux-x86_64 1.3.3 57.60 41.05 98.65 NOTE
r-release-linux-x86_64 1.3.3 55.58 41.08 96.66 NOTE
r-release-macos-arm64 1.3.3 45.00 NOTE
r-release-macos-x86_64 1.3.3 84.00 NOTE
r-release-windows-x86_64 1.3.3 71.00 87.00 158.00 NOTE
r-oldrel-macos-arm64 1.3.3 46.00 OK
r-oldrel-macos-x86_64 1.3.3 54.00 OK
r-oldrel-windows-x86_64 1.3.3 69.00 82.00 151.00 OK

Check Details

Version: 1.3.3
Check: C++ specification
Result: NOTE
     Specified C++11: please drop specification unless essential
Flavors: r-devel-linux-x86_64-debian-clang, r-devel-linux-x86_64-debian-gcc, r-devel-linux-x86_64-fedora-clang, r-devel-linux-x86_64-fedora-gcc, r-devel-windows-x86_64, r-patched-linux-x86_64, r-release-linux-x86_64, r-release-macos-arm64, r-release-macos-x86_64, r-release-windows-x86_64