CRAN Package Check Results for Package matchmaker

Last updated on 2021-12-01 22:53:16 CET.

Flavor Version Tinstall Tcheck Ttotal Status Flags
r-devel-linux-x86_64-debian-clang 0.1.1 2.65 31.70 34.35 NOTE
r-devel-linux-x86_64-debian-gcc 0.1.1 2.09 25.34 27.43 NOTE
r-devel-linux-x86_64-fedora-clang 0.1.1 54.10 NOTE
r-devel-linux-x86_64-fedora-gcc 0.1.1 42.39 NOTE
r-devel-windows-x86_64-new-UL 0.1.1 7.00 72.00 79.00 NOTE
r-devel-windows-x86_64-new-TK 0.1.1 NOTE
r-devel-windows-x86_64-old 0.1.1 6.00 42.00 48.00 NOTE
r-patched-linux-x86_64 0.1.1 2.66 30.82 33.48 NOTE
r-patched-solaris-x86 0.1.1 61.80 NOTE
r-release-linux-x86_64 0.1.1 2.33 30.63 32.96 NOTE
r-release-macos-arm64 0.1.1 NOTE
r-release-macos-x86_64 0.1.1 NOTE
r-release-windows-ix86+x86_64 0.1.1 6.00 52.00 58.00 NOTE
r-oldrel-macos-x86_64 0.1.1 OK
r-oldrel-windows-ix86+x86_64 0.1.1 7.00 54.00 61.00 OK

Check Details

Version: 0.1.1
Check: LazyData
Result: NOTE
     'LazyData' is specified without a 'data' directory
Flavors: r-devel-linux-x86_64-debian-clang, r-devel-linux-x86_64-debian-gcc, r-devel-linux-x86_64-fedora-clang, r-devel-linux-x86_64-fedora-gcc, r-devel-windows-x86_64-new-UL, r-devel-windows-x86_64-new-TK, r-devel-windows-x86_64-old, r-patched-linux-x86_64, r-patched-solaris-x86, r-release-linux-x86_64, r-release-macos-arm64, r-release-macos-x86_64, r-release-windows-ix86+x86_64