CRAN Package Check Results for Package mateable

Last updated on 2019-09-20 22:50:05 CEST.

Flavor Version Tinstall Tcheck Ttotal Status Flags
r-devel-linux-x86_64-debian-clang 0.3.1 27.93 38.98 66.91 OK
r-devel-linux-x86_64-debian-gcc 0.3.1 20.09 31.58 51.67 OK
r-devel-linux-x86_64-fedora-clang 0.3.1 97.17 NOTE
r-devel-linux-x86_64-fedora-gcc 0.3.1 88.03 NOTE
r-devel-windows-ix86+x86_64 0.3.1 82.00 73.00 155.00 OK
r-patched-linux-x86_64 0.3.1 23.30 38.63 61.93 OK
r-patched-solaris-x86 0.3.1 100.40 OK
r-release-linux-x86_64 0.3.1 23.60 38.89 62.49 OK
r-release-windows-ix86+x86_64 0.3.1 48.00 74.00 122.00 OK
r-release-osx-x86_64 0.3.1 OK
r-oldrel-windows-ix86+x86_64 0.3.1 52.00 67.00 119.00 OK
r-oldrel-osx-x86_64 0.3.1 OK

Check Details

Version: 0.3.1
Check: compiled code
Result: NOTE
    File ‘mateable/libs/mateable.so’:
     Found no calls to: ‘R_registerRoutines’, ‘R_useDynamicSymbols’
    
    It is good practice to register native routines and to disable symbol
    search.
    
    See ‘Writing portable packages’ in the ‘Writing R Extensions’ manual.
Flavors: r-devel-linux-x86_64-fedora-clang, r-devel-linux-x86_64-fedora-gcc