CRAN Package Check Results for Package mateable

Last updated on 2020-02-22 22:47:51 CET.

Flavor Version Tinstall Tcheck Ttotal Status Flags
r-devel-linux-x86_64-debian-clang 0.3.1 34.30 42.95 77.25 OK
r-devel-linux-x86_64-debian-gcc 0.3.1 20.52 33.61 54.13 OK
r-devel-linux-x86_64-fedora-clang 0.3.1 102.78 NOTE
r-devel-linux-x86_64-fedora-gcc 0.3.1 94.72 NOTE
r-devel-windows-ix86+x86_64 0.3.1 56.00 70.00 126.00 OK
r-devel-windows-ix86+x86_64-gcc8 0.3.1 87.00 106.00 193.00 OK
r-patched-linux-x86_64 0.3.1 OK
r-patched-solaris-x86 0.3.1 103.30 OK
r-release-linux-x86_64 0.3.1 22.54 38.85 61.39 OK
r-release-windows-ix86+x86_64 0.3.1 65.00 71.00 136.00 OK
r-release-osx-x86_64 0.3.1 OK
r-oldrel-windows-ix86+x86_64 0.3.1 73.00 73.00 146.00 OK
r-oldrel-osx-x86_64 0.3.1 OK

Check Details

Version: 0.3.1
Check: compiled code
Result: NOTE
    File ‘mateable/libs/mateable.so’:
     Found no calls to: ‘R_registerRoutines’, ‘R_useDynamicSymbols’
    
    It is good practice to register native routines and to disable symbol
    search.
    
    See ‘Writing portable packages’ in the ‘Writing R Extensions’ manual.
Flavors: r-devel-linux-x86_64-fedora-clang, r-devel-linux-x86_64-fedora-gcc