Last updated on 2023-09-28 23:08:50 CEST.
Flavor | Version | Tinstall | Tcheck | Ttotal | Status | Flags |
---|---|---|---|---|---|---|
r-devel-linux-x86_64-debian-clang | 0.8.2 | 24.16 | 62.58 | 86.74 | NOTE | |
r-devel-linux-x86_64-debian-gcc | 0.8.2 | 15.98 | 46.52 | 62.50 | NOTE | |
r-devel-linux-x86_64-fedora-clang | 0.8.2 | 111.17 | NOTE | |||
r-devel-linux-x86_64-fedora-gcc | 0.8.2 | 120.97 | NOTE | |||
r-devel-windows-x86_64 | 0.8.2 | 22.00 | 88.00 | 110.00 | NOTE | |
r-patched-linux-x86_64 | 0.8.2 | 26.94 | 57.90 | 84.84 | NOTE | |
r-release-linux-x86_64 | 0.8.2 | 21.25 | 59.55 | 80.80 | NOTE | |
r-release-macos-arm64 | 0.8.2 | 44.00 | NOTE | |||
r-release-macos-x86_64 | 0.8.2 | 64.00 | NOTE | |||
r-release-windows-x86_64 | 0.8.2 | 27.00 | 101.00 | 128.00 | NOTE | |
r-oldrel-macos-arm64 | 0.8.2 | 35.00 | NOTE | |||
r-oldrel-macos-x86_64 | 0.8.2 | 62.00 | NOTE | |||
r-oldrel-windows-x86_64 | 0.8.2 | 26.00 | 103.00 | 129.00 | NOTE |
Version: 0.8.2
Check: LazyData
Result: NOTE
'LazyData' is specified without a 'data' directory
Flavors: r-devel-linux-x86_64-debian-clang, r-devel-linux-x86_64-debian-gcc, r-devel-linux-x86_64-fedora-clang, r-devel-linux-x86_64-fedora-gcc, r-devel-windows-x86_64, r-patched-linux-x86_64, r-release-linux-x86_64, r-release-macos-arm64, r-release-macos-x86_64, r-release-windows-x86_64, r-oldrel-macos-arm64, r-oldrel-macos-x86_64, r-oldrel-windows-x86_64