Last updated on 2024-03-27 22:57:50 CET.
Flavor | Version | Tinstall | Tcheck | Ttotal | Status | Flags |
---|---|---|---|---|---|---|
r-devel-linux-x86_64-debian-clang | 0.8.2 | 23.75 | 63.75 | 87.50 | NOTE | |
r-devel-linux-x86_64-debian-gcc | 0.8.2 | 17.81 | 48.14 | 65.95 | NOTE | |
r-devel-linux-x86_64-fedora-clang | 0.8.2 | 115.92 | NOTE | |||
r-devel-linux-x86_64-fedora-gcc | 0.8.2 | 126.69 | NOTE | |||
r-devel-windows-x86_64 | 0.8.2 | 21.00 | 88.00 | 109.00 | NOTE | |
r-patched-linux-x86_64 | 0.8.2 | 22.95 | 60.10 | 83.05 | NOTE | |
r-release-linux-x86_64 | 0.8.2 | 23.88 | 60.16 | 84.04 | NOTE | |
r-release-macos-arm64 | 0.8.2 | 44.00 | NOTE | |||
r-release-macos-x86_64 | 0.8.2 | 64.00 | NOTE | |||
r-release-windows-x86_64 | 0.8.2 | 27.00 | 99.00 | 126.00 | NOTE | |
r-oldrel-macos-arm64 | 0.8.2 | 35.00 | NOTE | |||
r-oldrel-windows-x86_64 | 0.8.2 | 27.00 | 107.00 | 134.00 | NOTE |
Version: 0.8.2
Check: LazyData
Result: NOTE
'LazyData' is specified without a 'data' directory
Flavors: r-devel-linux-x86_64-debian-clang, r-devel-linux-x86_64-debian-gcc, r-devel-linux-x86_64-fedora-clang, r-devel-linux-x86_64-fedora-gcc, r-devel-windows-x86_64, r-patched-linux-x86_64, r-release-linux-x86_64, r-release-macos-arm64, r-release-macos-x86_64, r-release-windows-x86_64, r-oldrel-macos-arm64, r-oldrel-windows-x86_64