Last updated on 2023-09-24 22:59:43 CEST.
Flavor | Version | Tinstall | Tcheck | Ttotal | Status | Flags |
---|---|---|---|---|---|---|
r-devel-linux-x86_64-debian-clang | 0.1.1 | 2.54 | 30.20 | 32.74 | OK | |
r-devel-linux-x86_64-debian-gcc | 0.1.1 | 1.49 | 23.45 | 24.94 | OK | |
r-devel-linux-x86_64-fedora-clang | 0.1.1 | 41.31 | OK | |||
r-devel-linux-x86_64-fedora-gcc | 0.1.1 | 51.27 | OK | |||
r-devel-windows-x86_64 | 0.1.1 | 3.00 | 49.00 | 52.00 | OK | |
r-patched-linux-x86_64 | 0.1.1 | 2.10 | 29.40 | 31.50 | OK | |
r-release-linux-x86_64 | 0.1.1 | 2.63 | 29.08 | 31.71 | OK | |
r-release-macos-arm64 | 0.1.1 | 25.00 | OK | |||
r-release-macos-x86_64 | 0.1.1 | 33.00 | NOTE | |||
r-release-windows-x86_64 | 0.1.1 | 4.00 | 49.00 | 53.00 | OK | |
r-oldrel-macos-arm64 | 0.1.1 | 20.00 | OK | |||
r-oldrel-macos-x86_64 | 0.1.1 | 50.00 | OK | |||
r-oldrel-windows-x86_64 | 0.1.1 | 4.00 | 52.00 | 56.00 | OK |
Version: 0.1.1
Check: package dependencies
Result: NOTE
Package suggested but not available for checking: ‘MBSP’
Flavor: r-release-macos-x86_64