CRAN Package Check Results for Package matrixNormal

Last updated on 2020-02-17 22:49:37 CET.

Flavor Version Tinstall Tcheck Ttotal Status Flags
r-devel-linux-x86_64-debian-clang 0.0.1 1.89 27.10 28.99 NOTE
r-devel-linux-x86_64-debian-gcc 0.0.1 1.68 21.65 23.33 OK
r-devel-linux-x86_64-fedora-clang 0.0.1 39.99 OK
r-devel-linux-x86_64-fedora-gcc 0.0.1 36.05 OK
r-devel-windows-ix86+x86_64 0.0.1 6.00 43.00 49.00 OK
r-devel-windows-ix86+x86_64-gcc8 0.0.1 9.00 63.00 72.00 OK
r-patched-linux-x86_64 0.0.1 1.72 24.97 26.69 OK
r-patched-solaris-x86 0.0.1 52.20 OK
r-release-linux-x86_64 0.0.1 1.52 24.93 26.45 OK
r-release-windows-ix86+x86_64 0.0.1 4.00 38.00 42.00 OK
r-release-osx-x86_64 0.0.1 OK
r-oldrel-windows-ix86+x86_64 0.0.1 3.00 57.00 60.00 OK
r-oldrel-osx-x86_64 0.0.1 OK

Check Details

Version: 0.0.1
Check: package dependencies
Result: NOTE
    Package suggested but not available for checking: 'MBSP'
Flavor: r-devel-linux-x86_64-debian-clang