CRAN Package Check Results for Package matrixpls

Last updated on 2019-07-17 22:54:33 CEST.

Flavor Version Tinstall Tcheck Ttotal Status Flags
r-devel-linux-x86_64-debian-clang 1.0.5 4.72 60.82 65.54 OK
r-devel-linux-x86_64-debian-gcc 1.0.5 4.29 47.49 51.78 OK
r-devel-linux-x86_64-fedora-clang 1.0.5 86.15 OK
r-devel-linux-x86_64-fedora-gcc 1.0.5 76.10 OK
r-devel-windows-ix86+x86_64 1.0.5 14.00 65.00 79.00 OK
r-patched-linux-x86_64 1.0.5 4.72 60.78 65.50 OK
r-patched-solaris-x86 1.0.5 97.90 OK
r-release-linux-x86_64 1.0.5 4.53 60.42 64.95 OK
r-release-windows-ix86+x86_64 1.0.5 9.00 89.00 98.00 OK
r-release-osx-x86_64 1.0.5 NOTE
r-oldrel-windows-ix86+x86_64 1.0.5 8.00 80.00 88.00 ERROR
r-oldrel-osx-x86_64 1.0.5 NOTE

Check Details

Version: 1.0.5
Check: package dependencies
Result: NOTE
    Package suggested but not available for checking: ‘ASGSCA’
Flavors: r-release-osx-x86_64, r-oldrel-osx-x86_64

Version: 1.0.5
Check: examples
Result: ERROR
    Running examples in 'matrixpls-Ex.R' failed
    The error most likely occurred in:
    
    > ### Name: estimator
    > ### Title: Parameter estimation of a model matrix
    > ### Aliases: estimator estimator.ols estimator.tsls estimator.plscLoadings
    > ### estimator.efaLoadings estimator.cfaLoadings estimator.plsreg
    >
    > ### ** Examples
    >
    > # Run the education example from the book
    >
    > # Sanchez, G. (2013) PLS Path Modeling with R
    > # Trowchez Editions. Berkeley, 2013.
    > # http://www.gastonsanchez.com/PLS Path Modeling with R.pdf
    >
    > education <- read.csv("http://www.gastonsanchez.com/education.csv")
    Warning in file(file, "rt") :
     InternetOpenUrl failed: 'Eine Umleitungsanforderung ändert eine nicht sichere in eine sichere Verbindung.'
    Error in file(file, "rt") : cannot open the connection
    Calls: read.csv -> read.table -> file
    Execution halted
Flavor: r-oldrel-windows-ix86+x86_64